CRAN Package Check Results for Package dialectR

Last updated on 2021-09-17 19:52:02 CEST.

Flavor Version Tinstall Tcheck Ttotal Status Flags
r-devel-linux-x86_64-debian-clang 1.0 61.96 84.50 146.46 OK
r-devel-linux-x86_64-debian-gcc 1.0 44.32 64.58 108.90 OK
r-devel-linux-x86_64-fedora-clang 1.0 213.88 NOTE
r-devel-linux-x86_64-fedora-gcc 1.0 189.81 NOTE
r-devel-windows-x86_64 1.0 60.00 120.00 180.00 OK
r-devel-windows-x86_64-gcc10-UCRT 1.0 NOTE
r-patched-linux-x86_64 1.0 53.70 81.44 135.14 OK
r-patched-solaris-x86 1.0 222.40 NOTE
r-release-linux-x86_64 1.0 41.38 81.13 122.51 OK
r-release-macos-arm64 1.0 NOTE
r-release-macos-x86_64 1.0 NOTE
r-release-windows-ix86+x86_64 1.0 154.00 141.00 295.00 NOTE
r-oldrel-macos-x86_64 1.0 NOTE
r-oldrel-windows-ix86+x86_64 1.0 154.00 128.00 282.00 NOTE

Check Details

Version: 1.0
Check: data for non-ASCII characters
Result: NOTE
     Note: found 294851 marked UTF-8 strings
Flavors: r-devel-linux-x86_64-fedora-clang, r-devel-linux-x86_64-fedora-gcc, r-devel-windows-x86_64-gcc10-UCRT, r-patched-solaris-x86, r-release-macos-arm64, r-release-macos-x86_64, r-oldrel-macos-x86_64

Version: 1.0
Check: installed package size
Result: NOTE
     installed size is 5.0Mb
     sub-directories of 1Mb or more:
     data 2.4Mb
     libs 2.2Mb
Flavors: r-release-macos-arm64, r-release-windows-ix86+x86_64, r-oldrel-windows-ix86+x86_64