CRAN Package Check Results for Package dgo

Last updated on 2019-08-24 07:47:19 CEST.

Flavor Version Tinstall Tcheck Ttotal Status Flags
r-devel-linux-x86_64-debian-clang 0.2.15 15.23 424.39 439.62 OK
r-devel-linux-x86_64-debian-gcc 0.2.15 14.41 417.46 431.87 OK
r-devel-linux-x86_64-fedora-clang 0.2.15 447.79 OK
r-devel-linux-x86_64-fedora-gcc 0.2.15 490.14 OK
r-devel-windows-ix86+x86_64 0.2.15 27.00 275.00 302.00 OK
r-patched-linux-x86_64 0.2.15 14.76 391.64 406.40 OK
r-patched-solaris-x86 0.2.15 139.70 ERROR
r-release-linux-x86_64 0.2.15 16.99 404.03 421.02 OK
r-release-windows-ix86+x86_64 0.2.15 42.00 364.00 406.00 OK
r-release-osx-x86_64 0.2.15 OK
r-oldrel-windows-ix86+x86_64 0.2.15 23.00 365.00 388.00 OK
r-oldrel-osx-x86_64 0.2.15 OK

Check Details

Version: 0.2.15
Check: examples
Result: ERROR
    Running examples in ‘dgo-Ex.R’ failed
    The error most likely occurred in:
    
    > ### Name: shape
    > ### Title: Prepare data for modeling
    > ### Aliases: shape
    >
    > ### ** Examples
    >
    > # model individual item responses
    > shaped_responses <- shape(opinion, item_names = "abortion", time_name =
    + "year", geo_name = "state", group_names = "race3")
    Applying restrictions, pass 1...
     Dropped 5 rows for missingness in covariates
    Error in .checkTypos(e, names(x)) :
     Object 'Cchin' not found amongst year, state, race3, abortion
    Calls: shape ... tryCatchList -> tryCatchOne -> <Anonymous> -> .checkTypos
    Execution halted
Flavor: r-patched-solaris-x86

Version: 0.2.15
Check: tests
Result: ERROR
     Running ‘testthat.R’
    Running the tests in ‘tests/testthat.R’ failed.
    Complete output:
     > library(testthat)
     > library(dgo)
     Loading required package: dgodata
     Loading required package: rstan
     Loading required package: ggplot2
     Loading required package: StanHeaders
     rstan (Version 2.18.2, GitRev: 2e1f913d3ca3)
     For execution on a local, multicore CPU with excess RAM we recommend calling
     options(mc.cores = parallel::detectCores()).
     To avoid recompilation of unchanged Stan programs, we recommend calling
     rstan_options(auto_write = TRUE)
     >
     > # https://stackoverflow.com/questions/12410694/rbundler-build-error-cannot-open-file-startup-rs-no-such-file-or-directory#27994299
     > Sys.setenv("R_TESTS" = "")
     > test_check("dgo")
     Error in .checkTypos(e, names(x)) :
     Object 'Cchin' not found amongst period, geo, pid, item_1
     Calls: test_check ... tryCatchList -> tryCatchOne -> <Anonymous> -> .checkTypos
     Execution halted
Flavor: r-patched-solaris-x86