CRAN Package Check Results for Package dfphase1

Last updated on 2019-08-19 22:47:03 CEST.

Flavor Version Tinstall Tcheck Ttotal Status Flags
r-devel-linux-x86_64-debian-clang 1.1.1 41.82 41.26 83.08 OK
r-devel-linux-x86_64-debian-gcc 1.1.1 33.28 33.26 66.54 OK
r-devel-linux-x86_64-fedora-clang 1.1.1 120.43 NOTE
r-devel-linux-x86_64-fedora-gcc 1.1.1 117.69 NOTE
r-devel-windows-ix86+x86_64 1.1.1 109.00 123.00 232.00 OK
r-patched-linux-x86_64 1.1.1 40.95 41.31 82.26 OK
r-patched-solaris-x86 1.1.1 128.70 OK
r-release-linux-x86_64 1.1.1 43.04 41.04 84.08 OK
r-release-windows-ix86+x86_64 1.1.1 82.00 86.00 168.00 OK
r-release-osx-x86_64 1.1.1 OK
r-oldrel-windows-ix86+x86_64 1.1.1 107.00 117.00 224.00 OK
r-oldrel-osx-x86_64 1.1.1 OK

Check Details

Version: 1.1.1
Check: compiled code
Result: NOTE
    File ‘dfphase1/libs/dfphase1.so’:
     Found no calls to: ‘R_registerRoutines’, ‘R_useDynamicSymbols’
    
    It is good practice to register native routines and to disable symbol
    search.
    
    See ‘Writing portable packages’ in the ‘Writing R Extensions’ manual.
Flavors: r-devel-linux-x86_64-fedora-clang, r-devel-linux-x86_64-fedora-gcc