CRAN Package Check Results for Package dfphase1

Last updated on 2019-04-24 15:57:16 CEST.

Flavor Version Tinstall Tcheck Ttotal Status Flags
r-devel-linux-x86_64-debian-clang 1.1.1 44.71 41.37 86.08 OK
r-devel-linux-x86_64-debian-gcc 1.1.1 35.01 32.59 67.60 OK
r-devel-linux-x86_64-fedora-clang 1.1.1 117.74 NOTE
r-devel-linux-x86_64-fedora-gcc 1.1.1 111.45 NOTE
r-devel-windows-ix86+x86_64 1.1.1 104.00 87.00 191.00 OK
r-patched-linux-x86_64 1.1.1 42.03 41.57 83.60 OK
r-patched-solaris-x86 1.1.1 126.40 OK
r-release-linux-x86_64 1.1.1 40.87 38.60 79.47 OK
r-release-windows-ix86+x86_64 1.1.1 77.00 105.00 182.00 OK
r-release-osx-x86_64 1.1.1 OK
r-oldrel-windows-ix86+x86_64 1.1.1 78.00 115.00 193.00 OK
r-oldrel-osx-x86_64 1.1.1 OK

Check Details

Version: 1.1.1
Check: compiled code
Result: NOTE
    File ‘dfphase1/libs/dfphase1.so’:
     Found no calls to: ‘R_registerRoutines’, ‘R_useDynamicSymbols’
    
    It is good practice to register native routines and to disable symbol
    search.
    
    See ‘Writing portable packages’ in the ‘Writing R Extensions’ manual.
Flavors: r-devel-linux-x86_64-fedora-clang, r-devel-linux-x86_64-fedora-gcc