CRAN Package Check Results for Package dfphase1

Last updated on 2019-02-19 03:47:59 CET.

Flavor Version Tinstall Tcheck Ttotal Status Flags
r-devel-linux-x86_64-debian-clang 1.1.1 41.34 41.19 82.53 OK
r-devel-linux-x86_64-debian-gcc 1.1.1 34.41 32.92 67.33 OK
r-devel-linux-x86_64-fedora-clang 1.1.1 120.22 NOTE
r-devel-linux-x86_64-fedora-gcc 1.1.1 111.95 NOTE
r-devel-windows-ix86+x86_64 1.1.1 100.00 89.00 189.00 OK
r-patched-linux-x86_64 1.1.1 46.01 37.62 83.63 OK
r-patched-solaris-x86 1.1.1 112.30 OK
r-release-linux-x86_64 1.1.1 43.87 37.39 81.26 OK
r-release-windows-ix86+x86_64 1.1.1 77.00 109.00 186.00 OK
r-release-osx-x86_64 1.1.1 OK
r-oldrel-windows-ix86+x86_64 1.1.1 86.00 110.00 196.00 OK
r-oldrel-osx-x86_64 1.1.1 OK

Check Details

Version: 1.1.1
Check: compiled code
Result: NOTE
    File ‘dfphase1/libs/dfphase1.so’:
     Found no calls to: ‘R_registerRoutines’, ‘R_useDynamicSymbols’
    
    It is good practice to register native routines and to disable symbol
    search.
    
    See ‘Writing portable packages’ in the ‘Writing R Extensions’ manual.
Flavors: r-devel-linux-x86_64-fedora-clang, r-devel-linux-x86_64-fedora-gcc