CRAN Package Check Results for Package dfcomb

Last updated on 2022-11-26 23:00:02 CET.

Flavor Version Tinstall Tcheck Ttotal Status Flags
r-devel-linux-x86_64-debian-clang 3.0-0 13.84 25.06 38.90 WARN
r-devel-linux-x86_64-debian-gcc 3.0-0 9.29 19.59 28.88 WARN
r-devel-linux-x86_64-fedora-clang 3.0-0 61.63 WARN
r-devel-linux-x86_64-fedora-gcc 3.0-0 56.81 WARN
r-devel-windows-x86_64 3.0-0 22.00 76.00 98.00 OK
r-patched-linux-x86_64 3.0-0 OK
r-release-linux-x86_64 3.0-0 11.26 24.26 35.52 OK
r-release-macos-arm64 3.0-0 20.00 OK
r-release-macos-x86_64 3.0-0 27.00 OK
r-release-windows-x86_64 3.0-0 21.00 70.00 91.00 OK
r-oldrel-macos-arm64 3.0-0 21.00 OK
r-oldrel-macos-x86_64 3.0-0 38.00 OK
r-oldrel-windows-ix86+x86_64 3.0-0 33.00 68.00 101.00 OK

Additional issues

donttest M1mac

Check Details

Version: 3.0-0
Check: whether package can be installed
Result: WARN
    Found the following significant warnings:
     ./arms.h:50:24: warning: a function declaration without a prototype is deprecated in all versions of C [-Wstrict-prototypes]
Flavors: r-devel-linux-x86_64-debian-clang, r-devel-linux-x86_64-fedora-clang

Version: 3.0-0
Check: whether package can be installed
Result: WARN
    Found the following significant warnings:
     arms.h:50:1: warning: function declaration isn’t a prototype [-Wstrict-prototypes]
Flavors: r-devel-linux-x86_64-debian-gcc, r-devel-linux-x86_64-fedora-gcc