CRAN Package Check Results for Package dexter

Last updated on 2022-01-23 17:48:12 CET.

Flavor Version Tinstall Tcheck Ttotal Status Flags
r-devel-linux-x86_64-debian-clang 1.1.4 103.78 237.55 341.33 OK
r-devel-linux-x86_64-debian-gcc 1.1.4 82.74 171.96 254.70 OK
r-devel-linux-x86_64-fedora-clang 1.1.4 427.83 NOTE
r-devel-linux-x86_64-fedora-gcc 1.1.4 387.14 OK
r-devel-windows-x86_64-new-UL 1.1.4 154.00 261.00 415.00 OK
r-devel-windows-x86_64-new-TK 1.1.4 OK
r-patched-linux-x86_64 1.1.4 94.11 218.61 312.72 OK
r-release-linux-x86_64 1.1.4 95.46 214.36 309.82 OK
r-release-macos-arm64 1.1.4 NOTE
r-release-macos-x86_64 1.1.4 NOTE
r-release-windows-ix86+x86_64 1.1.4 247.00 352.00 599.00 NOTE
r-oldrel-macos-x86_64 1.1.4 NOTE
r-oldrel-windows-ix86+x86_64 1.1.4 246.00 348.00 594.00 NOTE

Check Details

Version: 1.1.4
Check: installed package size
Result: NOTE
     installed size is 7.7Mb
     sub-directories of 1Mb or more:
     doc 1.1Mb
     libs 5.8Mb
Flavors: r-devel-linux-x86_64-fedora-clang, r-release-macos-arm64, r-release-macos-x86_64, r-release-windows-ix86+x86_64, r-oldrel-macos-x86_64, r-oldrel-windows-ix86+x86_64