CRAN Package Check Results for Package devtools

Last updated on 2019-03-25 08:49:05 CET.

Flavor Version Tinstall Tcheck Ttotal Status Flags
r-devel-linux-x86_64-debian-clang 2.0.1 9.35 162.99 172.34 ERROR
r-devel-linux-x86_64-debian-gcc 2.0.1 6.12 126.46 132.58 ERROR
r-devel-linux-x86_64-fedora-clang 2.0.1 206.69 NOTE
r-devel-linux-x86_64-fedora-gcc 2.0.1 194.82 NOTE
r-devel-windows-ix86+x86_64 2.0.1 24.00 254.00 278.00 OK
r-patched-linux-x86_64 2.0.1 5.68 147.43 153.11 ERROR
r-patched-solaris-x86 2.0.1 191.10 ERROR
r-release-linux-x86_64 2.0.1 6.68 147.23 153.91 ERROR
r-release-windows-ix86+x86_64 2.0.1 14.00 152.00 166.00 OK
r-release-osx-x86_64 2.0.1 ERROR
r-oldrel-windows-ix86+x86_64 2.0.1 11.00 173.00 184.00 NOTE
r-oldrel-osx-x86_64 2.0.1 ERROR

Check Details

Version: 2.0.1
Check: package dependencies
Result: NOTE
    Package suggested but not available for checking: 'BiocInstaller'
Flavors: r-devel-linux-x86_64-debian-clang, r-devel-linux-x86_64-debian-gcc, r-devel-linux-x86_64-fedora-clang, r-devel-linux-x86_64-fedora-gcc

Version: 2.0.1
Check: tests
Result: ERROR
     Running 'test-that.R' [100s/133s]
    Running the tests in 'tests/test-that.R' failed.
    Complete output:
     > library(testthat)
     > test_check("devtools")
     Loading required package: devtools
     --- re-building 'new.Rnw' using Sweave
     --- finished re-building 'new.Rnw'
    
     --- re-building 'new.Rnw' using Sweave
     --- finished re-building 'new.Rnw'
    
     --- re-building 'new.Rnw' using Sweave
     --- finished re-building 'new.Rnw'
    
     --- re-building 'test.Rmd' using knitr
     --- finished re-building 'test.Rmd'
    
     --- re-building 'test.Rmd' using knitr
     --- finished re-building 'test.Rmd'
    
     --- re-building 'new.Rnw' using Sweave
     --- finished re-building 'new.Rnw'
    
     -- 1. Error: vignettes built on install (@test-vignettes.R#118) ---------------
     there is no package called 'testVignettesBuilt'
     1: vignette(package = "testVignettesBuilt") at testthat/test-vignettes.R:118
     2: tools::getVignetteInfo(package, lib.loc, all)
     3: find.package(package, lib.loc)
    
     == testthat results ===========================================================
     OK: 41 SKIPPED: 11 FAILED: 1
     1. Error: vignettes built on install (@test-vignettes.R#118)
    
     Error: testthat unit tests failed
     Execution halted
Flavor: r-devel-linux-x86_64-debian-clang

Version: 2.0.1
Check: tests
Result: ERROR
     Running ‘test-that.R’ [79s/155s]
    Running the tests in ‘tests/test-that.R’ failed.
    Complete output:
     > library(testthat)
     > test_check("devtools")
     Loading required package: devtools
     --- re-building ‘new.Rnw’ using Sweave
     --- finished re-building ‘new.Rnw’
    
     --- re-building ‘new.Rnw’ using Sweave
     --- finished re-building ‘new.Rnw’
    
     --- re-building ‘new.Rnw’ using Sweave
     --- finished re-building ‘new.Rnw’
    
     --- re-building ‘test.Rmd’ using knitr
     --- finished re-building ‘test.Rmd’
    
     --- re-building ‘test.Rmd’ using knitr
     --- finished re-building ‘test.Rmd’
    
     --- re-building ‘new.Rnw’ using Sweave
     --- finished re-building ‘new.Rnw’
    
     ── 1. Error: vignettes built on install (@test-vignettes.R#118) ───────────────
     there is no package called 'testVignettesBuilt'
     1: vignette(package = "testVignettesBuilt") at testthat/test-vignettes.R:118
     2: tools::getVignetteInfo(package, lib.loc, all)
     3: find.package(package, lib.loc)
    
     ══ testthat results ═══════════════════════════════════════════════════════════
     OK: 41 SKIPPED: 11 FAILED: 1
     1. Error: vignettes built on install (@test-vignettes.R#118)
    
     Error: testthat unit tests failed
     Execution halted
Flavor: r-devel-linux-x86_64-debian-gcc

Version: 2.0.1
Check: tests
Result: ERROR
     Running ‘test-that.R’ [90s/129s]
    Running the tests in ‘tests/test-that.R’ failed.
    Complete output:
     > library(testthat)
     > test_check("devtools")
     Loading required package: devtools
     ── 1. Error: vignettes built on install (@test-vignettes.R#118) ───────────────
     there is no package called 'testVignettesBuilt'
     1: vignette(package = "testVignettesBuilt") at testthat/test-vignettes.R:118
     2: tools::getVignetteInfo(package, lib.loc, all)
     3: find.package(package, lib.loc)
     4: stop(gettextf("there is no package called %s", sQuote(pkg)), domain = NA)
    
     ══ testthat results ═══════════════════════════════════════════════════════════
     OK: 41 SKIPPED: 11 FAILED: 1
     1. Error: vignettes built on install (@test-vignettes.R#118)
    
     Error: testthat unit tests failed
     Execution halted
Flavor: r-patched-linux-x86_64

Version: 2.0.1
Check: tests
Result: ERROR
     Running ‘test-that.R’ [101s/179s]
    Running the tests in ‘tests/test-that.R’ failed.
    Complete output:
     > library(testthat)
     > test_check("devtools")
     Loading required package: devtools
     Error : pandoc version 1.12.3 or higher is required and was not found (see the help page ?rmarkdown::pandoc_available).
     ── 1. Error: Package readme can be built (@test-build-readme.R#8) ────────────
     pandoc version 1.12.3 or higher is required and was not found (see the help page ?rmarkdown::pandoc_available).
     1: build_readme("testReadme") at testthat/test-build-readme.R:8
     2: callr::r(build, args = list(pkg_path = pkg$path, readme_path = readme_path, ... = ...,
     quiet = quiet), show = TRUE, spinner = FALSE)
     3: get_result(output = out, options)
    
     ══ testthat results ═══════════════════════════════════════════════════════════
     OK: 42 SKIPPED: 11 FAILED: 1
     1. Error: Package readme can be built (@test-build-readme.R#8)
    
     Error: testthat unit tests failed
     Execution halted
Flavor: r-patched-solaris-x86

Version: 2.0.1
Check: tests
Result: ERROR
     Running ‘test-that.R’ [90s/130s]
    Running the tests in ‘tests/test-that.R’ failed.
    Complete output:
     > library(testthat)
     > test_check("devtools")
     Loading required package: devtools
     ── 1. Error: vignettes built on install (@test-vignettes.R#118) ───────────────
     there is no package called 'testVignettesBuilt'
     1: vignette(package = "testVignettesBuilt") at testthat/test-vignettes.R:118
     2: tools::getVignetteInfo(package, lib.loc, all)
     3: find.package(package, lib.loc)
     4: stop(gettextf("there is no package called %s", sQuote(pkg)), domain = NA)
    
     ══ testthat results ═══════════════════════════════════════════════════════════
     OK: 41 SKIPPED: 11 FAILED: 1
     1. Error: vignettes built on install (@test-vignettes.R#118)
    
     Error: testthat unit tests failed
     Execution halted
Flavor: r-release-linux-x86_64

Version: 2.0.1
Check: tests
Result: ERROR
     Running ‘test-that.R’ [88s/94s]
    Running the tests in ‘tests/test-that.R’ failed.
    Last 13 lines of output:
     Loading required package: devtools
     Error : pandoc version 1.12.3 or higher is required and was not found (see the help page ?rmarkdown::pandoc_available).
     ── 1. Error: Package readme can be built (@test-build-readme.R#8) ────────────
     pandoc version 1.12.3 or higher is required and was not found (see the help page ?rmarkdown::pandoc_available).
     1: build_readme("testReadme") at testthat/test-build-readme.R:8
     2: callr::r(build, args = list(pkg_path = pkg$path, readme_path = readme_path, ... = ...,
     quiet = quiet), show = TRUE, spinner = FALSE)
     3: get_result(output = out, options)
    
     ══ testthat results ═══════════════════════════════════════════════════════════
     OK: 42 SKIPPED: 11 FAILED: 1
     1. Error: Package readme can be built (@test-build-readme.R#8)
    
     Error: testthat unit tests failed
     Execution halted
Flavor: r-release-osx-x86_64

Version: 2.0.1
Check: package dependencies
Result: NOTE
    Package suggested but not available for checking: 'BiocManager'
Flavors: r-oldrel-windows-ix86+x86_64, r-oldrel-osx-x86_64

Version: 2.0.1
Check: tests
Result: ERROR
     Running ‘test-that.R’ [99s/105s]
    Running the tests in ‘tests/test-that.R’ failed.
    Last 13 lines of output:
     Loading required package: devtools
     Error : pandoc version 1.12.3 or higher is required and was not found (see the help page ?rmarkdown::pandoc_available).
     ── 1. Error: Package readme can be built (@test-build-readme.R#8) ────────────
     pandoc version 1.12.3 or higher is required and was not found (see the help page ?rmarkdown::pandoc_available).
     1: build_readme("testReadme") at testthat/test-build-readme.R:8
     2: callr::r(build, args = list(pkg_path = pkg$path, readme_path = readme_path, ... = ...,
     quiet = quiet), show = TRUE, spinner = FALSE)
     3: get_result(output = out, options)
    
     ══ testthat results ═══════════════════════════════════════════════════════════
     OK: 42 SKIPPED: 11 FAILED: 1
     1. Error: Package readme can be built (@test-build-readme.R#8)
    
     Error: testthat unit tests failed
     Execution halted
Flavor: r-oldrel-osx-x86_64