CRAN Package Check Results for Package devtoolbox

Last updated on 2021-10-18 19:51:32 CEST.

Flavor Version Tinstall Tcheck Ttotal Status Flags
r-devel-linux-x86_64-debian-clang 0.1.0 5.04 45.96 51.00 OK
r-devel-linux-x86_64-debian-gcc 0.1.0 3.97 34.68 38.65 OK
r-devel-linux-x86_64-fedora-clang 0.1.0 70.16 NOTE
r-devel-linux-x86_64-fedora-gcc 0.1.0 58.24 NOTE
r-devel-windows-x86_64 0.1.0 12.00 70.00 82.00 OK
r-devel-windows-x86_64-gcc10-UCRT 0.1.0 NOTE
r-patched-linux-x86_64 0.1.0 5.38 43.14 48.52 OK
r-patched-solaris-x86 0.1.0 88.10 NOTE
r-release-linux-x86_64 0.1.0 4.69 42.72 47.41 OK
r-release-macos-arm64 0.1.0 NOTE
r-release-macos-x86_64 0.1.0 NOTE
r-release-windows-ix86+x86_64 0.1.0 19.00 64.00 83.00 OK
r-oldrel-macos-x86_64 0.1.0 NOTE
r-oldrel-windows-ix86+x86_64 0.1.0 13.00 67.00 80.00 OK

Check Details

Version: 0.1.0
Check: dependencies in R code
Result: NOTE
    Namespaces in Imports field not imported from:
     ‘DT’ ‘ggiraph’ ‘ggplot2’ ‘reshape2’ ‘stats’ ‘tidyr’ ‘tidyselect’
     All declared Imports should be used.
Flavors: r-devel-linux-x86_64-fedora-clang, r-devel-linux-x86_64-fedora-gcc, r-devel-windows-x86_64-gcc10-UCRT, r-patched-solaris-x86, r-release-macos-arm64, r-release-macos-x86_64, r-oldrel-macos-x86_64