Last updated on 2023-12-11 05:51:49 CET.
Flavor | Version | Tinstall | Tcheck | Ttotal | Status | Flags |
---|---|---|---|---|---|---|
r-devel-linux-x86_64-debian-clang | 0.1 | 5.06 | 35.90 | 40.96 | NOTE | |
r-devel-linux-x86_64-debian-gcc | 0.1 | 3.74 | 27.24 | 30.98 | NOTE | |
r-devel-linux-x86_64-fedora-clang | 0.1 | 51.98 | NOTE | |||
r-devel-linux-x86_64-fedora-gcc | 0.1 | 48.47 | NOTE | |||
r-devel-windows-x86_64 | 0.1 | 5.00 | 49.00 | 54.00 | NOTE | |
r-patched-linux-x86_64 | 0.1 | 4.94 | 34.84 | 39.78 | NOTE | |
r-release-linux-x86_64 | 0.1 | 4.85 | 35.15 | 40.00 | NOTE | |
r-release-macos-arm64 | 0.1 | 22.00 | NOTE | |||
r-release-macos-x86_64 | 0.1 | 28.00 | NOTE | |||
r-release-windows-x86_64 | 0.1 | 6.00 | 50.00 | 56.00 | NOTE | |
r-oldrel-macos-arm64 | 0.1 | 21.00 | NOTE | |||
r-oldrel-macos-x86_64 | 0.1 | 23.00 | NOTE | |||
r-oldrel-windows-x86_64 | 0.1 | 6.00 | 55.00 | 61.00 | NOTE |
Version: 0.1
Check: LazyData
Result: NOTE
'LazyData' is specified without a 'data' directory
Flavors: r-devel-linux-x86_64-debian-clang, r-devel-linux-x86_64-debian-gcc, r-devel-linux-x86_64-fedora-clang, r-devel-linux-x86_64-fedora-gcc, r-devel-windows-x86_64, r-patched-linux-x86_64, r-release-linux-x86_64, r-release-macos-arm64, r-release-macos-x86_64, r-release-windows-x86_64, r-oldrel-macos-arm64, r-oldrel-macos-x86_64, r-oldrel-windows-x86_64