CRAN Package Check Results for Package detrendr

Last updated on 2022-01-27 10:51:55 CET.

Flavor Version Tinstall Tcheck Ttotal Status Flags
r-devel-linux-x86_64-debian-clang 0.6.14 139.22 124.57 263.79 NOTE
r-devel-linux-x86_64-debian-gcc 0.6.14 92.75 94.81 187.56 NOTE
r-devel-linux-x86_64-fedora-clang 0.6.14 359.45 NOTE
r-devel-linux-x86_64-fedora-gcc 0.6.14 310.87 NOTE
r-devel-windows-x86_64-new-UL 0.6.14 170.00 171.00 341.00 NOTE
r-devel-windows-x86_64-new-TK 0.6.14 NOTE
r-patched-linux-x86_64 0.6.14 94.63 118.81 213.44 NOTE
r-release-linux-x86_64 0.6.14 81.29 117.64 198.93 NOTE
r-release-macos-arm64 0.6.14 NOTE
r-release-macos-x86_64 0.6.14 NOTE
r-release-windows-ix86+x86_64 0.6.14 338.00 196.00 534.00 NOTE
r-oldrel-macos-x86_64 0.6.14 NOTE
r-oldrel-windows-ix86+x86_64 0.6.14 340.00 206.00 546.00 NOTE

Check Details

Version: 0.6.14
Check: for GNU extensions in Makefiles
Result: NOTE
    GNU make is a SystemRequirements.
Flavors: r-devel-linux-x86_64-debian-clang, r-devel-linux-x86_64-debian-gcc, r-devel-linux-x86_64-fedora-clang, r-devel-linux-x86_64-fedora-gcc, r-devel-windows-x86_64-new-UL, r-devel-windows-x86_64-new-TK, r-patched-linux-x86_64, r-release-linux-x86_64, r-release-macos-arm64, r-release-macos-x86_64, r-release-windows-ix86+x86_64, r-oldrel-macos-x86_64, r-oldrel-windows-ix86+x86_64

Version: 0.6.14
Check: installed package size
Result: NOTE
     installed size is 5.2Mb
     sub-directories of 1Mb or more:
     libs 4.0Mb
Flavors: r-devel-linux-x86_64-fedora-clang, r-release-macos-arm64