CRAN Package Check Results for Package descstatsr

Last updated on 2019-04-24 05:48:07 CEST.

Flavor Version Tinstall Tcheck Ttotal Status Flags
r-devel-linux-x86_64-debian-clang 0.1.0 1.91 19.10 21.01 OK
r-devel-linux-x86_64-debian-gcc 0.1.0 1.75 15.48 17.23 OK
r-devel-linux-x86_64-fedora-clang 0.1.0 25.53 NOTE
r-devel-linux-x86_64-fedora-gcc 0.1.0 24.20 NOTE
r-devel-windows-ix86+x86_64 0.1.0 7.00 32.00 39.00 OK
r-patched-linux-x86_64 0.1.0 1.90 18.95 20.85 OK
r-patched-solaris-x86 0.1.0 39.80 NOTE
r-release-linux-x86_64 0.1.0 1.40 17.72 19.12 OK
r-release-windows-ix86+x86_64 0.1.0 3.00 48.00 51.00 OK
r-release-osx-x86_64 0.1.0 NOTE
r-oldrel-windows-ix86+x86_64 0.1.0 5.00 46.00 51.00 OK
r-oldrel-osx-x86_64 0.1.0 NOTE

Check Details

Version: 0.1.0
Check: dependencies in R code
Result: NOTE
    Namespace in Imports field not imported from: ‘datasets’
     All declared Imports should be used.
Flavors: r-devel-linux-x86_64-fedora-clang, r-devel-linux-x86_64-fedora-gcc, r-patched-solaris-x86, r-release-osx-x86_64, r-oldrel-osx-x86_64