CRAN Package Check Results for Package descstatsr

Last updated on 2019-08-19 22:47:03 CEST.

Flavor Version Tinstall Tcheck Ttotal Status Flags
r-devel-linux-x86_64-debian-clang 0.1.0 2.50 19.15 21.65 OK
r-devel-linux-x86_64-debian-gcc 0.1.0 2.09 15.73 17.82 OK
r-devel-linux-x86_64-fedora-clang 0.1.0 27.99 NOTE
r-devel-linux-x86_64-fedora-gcc 0.1.0 25.38 NOTE
r-devel-windows-ix86+x86_64 0.1.0 7.00 46.00 53.00 OK
r-patched-linux-x86_64 0.1.0 1.79 19.07 20.86 OK
r-patched-solaris-x86 0.1.0 41.70 NOTE
r-release-linux-x86_64 0.1.0 1.86 19.00 20.86 OK
r-release-windows-ix86+x86_64 0.1.0 5.00 29.00 34.00 OK
r-release-osx-x86_64 0.1.0 NOTE
r-oldrel-windows-ix86+x86_64 0.1.0 4.00 54.00 58.00 OK
r-oldrel-osx-x86_64 0.1.0 NOTE

Check Details

Version: 0.1.0
Check: dependencies in R code
Result: NOTE
    Namespace in Imports field not imported from: ‘datasets’
     All declared Imports should be used.
Flavors: r-devel-linux-x86_64-fedora-clang, r-devel-linux-x86_64-fedora-gcc, r-patched-solaris-x86, r-release-osx-x86_64, r-oldrel-osx-x86_64