Last updated on 2023-11-30 02:52:22 CET.
Flavor | Version | Tinstall | Tcheck | Ttotal | Status | Flags |
---|---|---|---|---|---|---|
r-devel-linux-x86_64-debian-clang | 1.2 | 8.32 | 85.00 | 93.32 | NOTE | |
r-devel-linux-x86_64-debian-gcc | 1.2 | 6.46 | 63.32 | 69.78 | NOTE | |
r-devel-linux-x86_64-fedora-clang | 1.2 | 119.54 | NOTE | |||
r-devel-linux-x86_64-fedora-gcc | 1.2 | 112.72 | OK | |||
r-devel-windows-x86_64 | 1.2 | 8.00 | 88.00 | 96.00 | OK | |
r-patched-linux-x86_64 | 1.2 | 8.69 | 82.10 | 90.79 | OK | |
r-release-linux-x86_64 | 1.2 | 8.38 | 79.47 | 87.85 | OK | |
r-release-macos-arm64 | 1.2 | 35.00 | OK | |||
r-release-macos-x86_64 | 1.2 | 75.00 | OK | |||
r-release-windows-x86_64 | 1.2 | 10.00 | 98.00 | 108.00 | OK | |
r-oldrel-macos-arm64 | 1.2 | 35.00 | OK | |||
r-oldrel-macos-x86_64 | 1.2 | 52.00 | OK | |||
r-oldrel-windows-x86_64 | 1.2 | 11.00 | 99.00 | 110.00 | OK |
Version: 1.2
Check: Rd files
Result: NOTE
checkRd: (-1) weighted.cor2.Rd:7: Lost braces; missing escapes or markup?
7 | Computes a matrix of weighted correlations between the columns of \code{x} and the columns of {y}. This can be Pearson, Spearman or Kendall correlation.
| ^
checkRd: (-1) weighted.cov2.Rd:7: Lost braces; missing escapes or markup?
7 | Computes a matrix of weighted covariances between the columns of \code{x} and the columns of {y}.
| ^
Flavors: r-devel-linux-x86_64-debian-clang, r-devel-linux-x86_64-debian-gcc
Version: 1.2
Check: Rd cross-references
Result: NOTE
Undeclared packages ‘FactoMineR’, ‘vcd’ in Rd xrefs
Flavor: r-devel-linux-x86_64-fedora-clang