CRAN Package Check Results for Package derivmkts

Last updated on 2022-10-02 09:53:27 CEST.

Flavor Version Tinstall Tcheck Ttotal Status Flags
r-devel-linux-x86_64-debian-clang 0.2.5 5.50 66.61 72.11 NOTE
r-devel-linux-x86_64-debian-gcc 0.2.5 4.10 50.46 54.56 NOTE
r-devel-linux-x86_64-fedora-clang 0.2.5 102.65 NOTE
r-devel-linux-x86_64-fedora-gcc 0.2.5 95.99 NOTE
r-devel-windows-x86_64 0.2.5 41.00 133.00 174.00 NOTE
r-patched-linux-x86_64 0.2.5 4.76 61.77 66.53 OK
r-release-linux-x86_64 0.2.5 4.21 61.13 65.34 OK
r-release-macos-arm64 0.2.5 36.00 OK
r-release-macos-x86_64 0.2.5 38.00 OK
r-release-windows-x86_64 0.2.5 44.00 124.00 168.00 OK
r-oldrel-macos-arm64 0.2.5 28.00 OK
r-oldrel-macos-x86_64 0.2.5 38.00 OK
r-oldrel-windows-ix86+x86_64 0.2.5 11.00 100.00 111.00 OK

Check Details

Version: 0.2.5
Check: Rd files
Result: NOTE
    checkRd: (-1) barriers.Rd:127: Escaped LaTeX specials: \$
Flavors: r-devel-linux-x86_64-debian-clang, r-devel-linux-x86_64-debian-gcc, r-devel-linux-x86_64-fedora-clang, r-devel-linux-x86_64-fedora-gcc, r-devel-windows-x86_64