CRAN Package Check Results for Package depigner

Last updated on 2020-10-31 20:47:20 CET.

Flavor Version Tinstall Tcheck Ttotal Status Flags
r-devel-linux-x86_64-debian-clang 0.8.3 5.22 49.76 54.98 OK
r-devel-linux-x86_64-debian-gcc 0.8.3 3.87 37.38 41.25 OK
r-devel-linux-x86_64-fedora-clang 0.8.3 73.63 NOTE
r-devel-linux-x86_64-fedora-gcc 0.8.3 61.60 OK
r-devel-windows-ix86+x86_64 0.8.3 11.00 73.00 84.00 OK
r-patched-linux-x86_64 0.8.3 5.01 46.29 51.30 OK
r-patched-solaris-x86 0.8.3 88.40 OK
r-release-linux-x86_64 0.8.3 3.93 45.78 49.71 OK
r-release-macos-x86_64 0.8.3 OK
r-release-windows-ix86+x86_64 0.8.3 7.00 72.00 79.00 OK
r-oldrel-macos-x86_64 0.8.3 OK
r-oldrel-windows-ix86+x86_64 0.8.3 8.00 48.00 56.00 OK

Check Details

Version: 0.8.3
Check: Rd cross-references
Result: NOTE
    Undeclared package ‘knitr’ in Rd xrefs
Flavor: r-devel-linux-x86_64-fedora-clang