CRAN Package Check Results for Package densityClust

Last updated on 2023-12-06 16:53:09 CET.

Flavor Version Tinstall Tcheck Ttotal Status Flags
r-devel-linux-x86_64-debian-clang 0.3.2 39.99 58.06 98.05 NOTE
r-devel-linux-x86_64-debian-gcc 0.3.2 23.05 44.66 67.71 NOTE
r-devel-linux-x86_64-fedora-clang 0.3.2 142.42 NOTE
r-devel-linux-x86_64-fedora-gcc 0.3.2 133.25 NOTE
r-devel-windows-x86_64 0.3.2 31.00 78.00 109.00 NOTE
r-patched-linux-x86_64 0.3.2 22.41 56.47 78.88 OK
r-release-linux-x86_64 0.3.2 28.62 55.24 83.86 OK
r-release-macos-arm64 0.3.2 37.00 OK
r-release-macos-x86_64 0.3.2 60.00 OK
r-release-windows-x86_64 0.3.2 42.00 90.00 132.00 OK
r-oldrel-macos-arm64 0.3.2 37.00 OK
r-oldrel-macos-x86_64 0.3.2 70.00 OK
r-oldrel-windows-x86_64 0.3.2 39.00 88.00 127.00 OK

Check Details

Version: 0.3.2
Check: Rd metadata
Result: NOTE Rd files without \alias: ‘densityClust-package.Rd’ Flavors: r-devel-linux-x86_64-debian-clang, r-devel-linux-x86_64-debian-gcc, r-devel-linux-x86_64-fedora-clang, r-devel-linux-x86_64-fedora-gcc, r-devel-windows-x86_64