CRAN Package Check Results for Package demography

Last updated on 2022-11-30 03:58:21 CET.

Flavor Version Tinstall Tcheck Ttotal Status Flags
r-devel-linux-x86_64-debian-clang 1.22 30.55 257.72 288.27 NOTE
r-devel-linux-x86_64-debian-gcc 1.22 23.61 188.00 211.61 NOTE
r-devel-linux-x86_64-fedora-clang 1.22 362.44 NOTE
r-devel-linux-x86_64-fedora-gcc 1.22 344.94 NOTE
r-devel-windows-x86_64 1.22 85.00 292.00 377.00 NOTE
r-patched-linux-x86_64 1.22 26.15 242.65 268.80 OK
r-release-linux-x86_64 1.22 23.75 238.99 262.74 OK
r-release-macos-arm64 1.22 91.00 OK
r-release-macos-x86_64 1.22 155.00 OK
r-release-windows-x86_64 1.22 60.00 287.00 347.00 OK
r-oldrel-macos-arm64 1.22 77.00 OK
r-oldrel-macos-x86_64 1.22 146.00 OK
r-oldrel-windows-ix86+x86_64 1.22 61.00 267.00 328.00 OK

Check Details

Version: 1.22
Check: Rd files
Result: NOTE
    checkRd: (-1) lifetable.Rd:15: Escaped LaTeX specials: \$
Flavors: r-devel-linux-x86_64-debian-clang, r-devel-linux-x86_64-debian-gcc, r-devel-linux-x86_64-fedora-clang, r-devel-linux-x86_64-fedora-gcc, r-devel-windows-x86_64