CRAN Package Check Results for Package demography

Last updated on 2022-07-03 20:50:43 CEST.

Flavor Version Tinstall Tcheck Ttotal Status Flags
r-devel-linux-x86_64-debian-clang 1.22 29.70 253.27 282.97 NOTE
r-devel-linux-x86_64-debian-gcc 1.22 23.43 183.87 207.30 NOTE
r-devel-linux-x86_64-fedora-clang 1.22 351.76 NOTE
r-devel-linux-x86_64-fedora-gcc 1.22 351.80 NOTE
r-devel-windows-x86_64 1.22 82.00 274.00 356.00 NOTE
r-patched-linux-x86_64 1.22 27.34 235.91 263.25 OK
r-release-linux-x86_64 1.22 25.45 238.40 263.85 OK
r-release-macos-arm64 1.22 91.00 OK
r-release-macos-x86_64 1.22 155.00 OK
r-release-windows-x86_64 1.22 78.00 273.00 351.00 OK
r-oldrel-macos-arm64 1.22 77.00 OK
r-oldrel-macos-x86_64 1.22 146.00 OK
r-oldrel-windows-ix86+x86_64 1.22 57.00 268.00 325.00 OK

Check Details

Version: 1.22
Check: Rd files
Result: NOTE
    checkRd: (-1) lifetable.Rd:15: Escaped LaTeX specials: \$
Flavors: r-devel-linux-x86_64-debian-clang, r-devel-linux-x86_64-debian-gcc, r-devel-linux-x86_64-fedora-clang, r-devel-linux-x86_64-fedora-gcc, r-devel-windows-x86_64