CRAN Package Check Results for Package demography

Last updated on 2019-03-24 09:46:39 CET.

Flavor Version Tinstall Tcheck Ttotal Status Flags
r-devel-linux-x86_64-debian-clang 1.21 14.23 147.70 161.93 OK
r-devel-linux-x86_64-debian-gcc 1.21 12.80 110.50 123.30 OK
r-devel-linux-x86_64-fedora-clang 1.21 193.47 OK
r-devel-linux-x86_64-fedora-gcc 1.21 181.73 OK
r-devel-windows-ix86+x86_64 1.21 47.00 238.00 285.00 OK
r-patched-linux-x86_64 1.21 11.84 136.98 148.82 OK
r-patched-solaris-x86 1.21 260.10 OK
r-release-linux-x86_64 1.21 0.53 2.41 2.94 ERROR
r-release-windows-ix86+x86_64 1.21 22.00 160.00 182.00 OK
r-release-osx-x86_64 1.21 OK
r-oldrel-windows-ix86+x86_64 1.21 22.00 166.00 188.00 OK
r-oldrel-osx-x86_64 1.21 OK

Check Details

Version: 1.21
Check: whether package can be installed
Result: ERROR
    Installation failed.
Flavor: r-release-linux-x86_64