CRAN Package Check Results for Package deltaPlotR

Last updated on 2022-08-12 16:50:49 CEST.

Flavor Version Tinstall Tcheck Ttotal Status Flags
r-devel-linux-x86_64-debian-clang 1.6 3.17 27.42 30.59 NOTE
r-devel-linux-x86_64-debian-gcc 1.6 2.20 21.15 23.35 NOTE
r-devel-linux-x86_64-fedora-clang 1.6 46.42 NOTE
r-devel-linux-x86_64-fedora-gcc 1.6 47.60 NOTE
r-devel-windows-x86_64 1.6 12.00 50.00 62.00 OK
r-patched-linux-x86_64 1.6 2.42 26.13 28.55 NOTE
r-release-linux-x86_64 1.6 2.85 26.14 28.99 NOTE
r-release-macos-arm64 1.6 16.00 OK
r-release-macos-x86_64 1.6 21.00 OK
r-release-windows-x86_64 1.6 9.00 50.00 59.00 OK
r-oldrel-macos-arm64 1.6 20.00 OK
r-oldrel-macos-x86_64 1.6 29.00 OK
r-oldrel-windows-ix86+x86_64 1.6 6.00 44.00 50.00 OK

Check Details

Version: 1.6
Check: for non-standard things in the check directory
Result: NOTE
    Found the following files/directories:
     'res.pdf' 'res1.jpg'
Flavors: r-devel-linux-x86_64-debian-clang, r-devel-linux-x86_64-debian-gcc, r-devel-linux-x86_64-fedora-clang, r-devel-linux-x86_64-fedora-gcc, r-patched-linux-x86_64, r-release-linux-x86_64