CRAN Package Check Results for Package delayed

Last updated on 2020-10-27 18:51:20 CET.

Flavor Version Tinstall Tcheck Ttotal Status Flags
r-devel-linux-x86_64-debian-clang 0.3.0 6.35 55.62 61.97 OK
r-devel-linux-x86_64-debian-gcc 0.3.0 5.33 41.09 46.42 OK
r-devel-linux-x86_64-fedora-clang 0.3.0 80.69 NOTE
r-devel-linux-x86_64-fedora-gcc 0.3.0 71.69 NOTE
r-devel-windows-ix86+x86_64 0.3.0 13.00 76.00 89.00 OK
r-patched-linux-x86_64 0.3.0 OK
r-patched-solaris-x86 0.3.0 100.60 WARN
r-release-linux-x86_64 0.3.0 7.22 52.02 59.24 OK
r-release-macos-x86_64 0.3.0 WARN
r-release-windows-ix86+x86_64 0.3.0 11.00 56.00 67.00 OK
r-oldrel-macos-x86_64 0.3.0 WARN
r-oldrel-windows-ix86+x86_64 0.3.0 10.00 92.00 102.00 OK

Check Details

Version: 0.3.0
Check: dependencies in R code
Result: NOTE
    Namespace in Imports field not imported from: ‘assertthat’
     All declared Imports should be used.
Flavors: r-devel-linux-x86_64-fedora-clang, r-devel-linux-x86_64-fedora-gcc, r-patched-solaris-x86, r-release-macos-x86_64, r-oldrel-macos-x86_64

Version: 0.3.0
Check: re-building of vignette outputs
Result: WARN
    Error(s) in re-building vignettes:
     ...
    --- re-building ‘delayed.Rmd’ using rmarkdown
    Warning in engine$weave(file, quiet = quiet, encoding = enc) :
     Pandoc (>= 1.12.3) and/or pandoc-citeproc not available. Falling back to R Markdown v1.
    Quitting from lines 97-98 (delayed.Rmd)
    Error: processing vignette 'delayed.Rmd' failed with diagnostics:
    there is no package called 'webshot'
    --- failed re-building ‘delayed.Rmd’
    
    SUMMARY: processing the following file failed:
     ‘delayed.Rmd’
    
    Error: Vignette re-building failed.
    Execution halted
Flavor: r-patched-solaris-x86

Version: 0.3.0
Check: re-building of vignette outputs
Result: WARN
    Error(s) in re-building vignettes:
     ...
    --- re-building ‘delayed.Rmd’ using rmarkdown
    Warning in engine$weave(file, quiet = quiet, encoding = enc) :
     Pandoc (>= 1.12.3) and/or pandoc-citeproc not available. Falling back to R Markdown v1.
    Quitting from lines 97-98 (delayed.Rmd)
    Error: processing vignette 'delayed.Rmd' failed with diagnostics:
    cannot open the connection
    --- failed re-building ‘delayed.Rmd’
    
    SUMMARY: processing the following file failed:
     ‘delayed.Rmd’
    
    Error: Vignette re-building failed.
    Execution halted
Flavors: r-release-macos-x86_64, r-oldrel-macos-x86_64