CRAN Package Check Results for Package deepdive

Last updated on 2024-06-14 11:58:51 CEST.

Flavor Version Tinstall Tcheck Ttotal Status Flags
r-devel-linux-x86_64-debian-clang 1.0.4 5.92 43.35 49.27 NOTE
r-devel-linux-x86_64-debian-gcc 1.0.4 4.20 31.91 36.11 NOTE
r-devel-linux-x86_64-fedora-clang 1.0.4 61.31 NOTE
r-devel-linux-x86_64-fedora-gcc 1.0.4 56.51 NOTE
r-devel-windows-x86_64 1.0.4 6.00 50.00 56.00 NOTE
r-patched-linux-x86_64 1.0.4 5.09 41.40 46.49 NOTE
r-release-linux-x86_64 1.0.4 5.71 41.06 46.77 NOTE
r-release-macos-arm64 1.0.4 21.00 NOTE
r-release-macos-x86_64 1.0.4 30.00 NOTE
r-release-windows-x86_64 1.0.4 6.00 51.00 57.00 NOTE
r-oldrel-macos-arm64 1.0.4 22.00 NOTE
r-oldrel-macos-x86_64 1.0.4 30.00 NOTE
r-oldrel-windows-x86_64 1.0.4 7.00 56.00 63.00 NOTE

Check Details

Version: 1.0.4
Check: package subdirectories
Result: NOTE Problems with news in ‘NEWS.md’: No news entries found. Flavors: r-devel-linux-x86_64-debian-clang, r-devel-linux-x86_64-debian-gcc, r-devel-linux-x86_64-fedora-clang, r-devel-linux-x86_64-fedora-gcc, r-devel-windows-x86_64, r-patched-linux-x86_64, r-release-linux-x86_64, r-release-macos-arm64, r-release-macos-x86_64, r-release-windows-x86_64, r-oldrel-macos-arm64, r-oldrel-macos-x86_64, r-oldrel-windows-x86_64