CRAN Package Check Results for Package deep

Last updated on 2022-08-12 18:49:40 CEST.

Flavor Version Tinstall Tcheck Ttotal Status Flags
r-devel-linux-x86_64-debian-clang 0.1.0 2.86 27.29 30.15 NOTE
r-devel-linux-x86_64-debian-gcc 0.1.0 2.36 21.25 23.61 NOTE
r-devel-linux-x86_64-fedora-clang 0.1.0 47.04 NOTE
r-devel-linux-x86_64-fedora-gcc 0.1.0 47.21 NOTE
r-devel-windows-x86_64 0.1.0 13.00 57.00 70.00 NOTE
r-patched-linux-x86_64 0.1.0 2.44 25.99 28.43 NOTE
r-release-linux-x86_64 0.1.0 2.31 25.97 28.28 NOTE
r-release-macos-arm64 0.1.0 16.00 NOTE
r-release-macos-x86_64 0.1.0 24.00 NOTE
r-release-windows-x86_64 0.1.0 9.00 54.00 63.00 NOTE
r-oldrel-macos-arm64 0.1.0 20.00 NOTE
r-oldrel-macos-x86_64 0.1.0 31.00 NOTE
r-oldrel-windows-ix86+x86_64 0.1.0 8.00 33.00 41.00 NOTE

Check Details

Version: 0.1.0
Check: LazyData
Result: NOTE
     'LazyData' is specified without a 'data' directory
Flavors: r-devel-linux-x86_64-debian-clang, r-devel-linux-x86_64-debian-gcc, r-devel-linux-x86_64-fedora-clang, r-devel-linux-x86_64-fedora-gcc, r-devel-windows-x86_64, r-patched-linux-x86_64, r-release-linux-x86_64, r-release-macos-arm64, r-release-macos-x86_64, r-release-windows-x86_64, r-oldrel-macos-arm64, r-oldrel-macos-x86_64, r-oldrel-windows-ix86+x86_64