CRAN Package Check Results for Package deconvolveR

Last updated on 2024-06-20 10:50:19 CEST.

Flavor Version Tinstall Tcheck Ttotal Status Flags
r-devel-linux-x86_64-debian-clang 1.2-1 2.92 228.41 231.33 NOTE
r-devel-linux-x86_64-debian-gcc 1.2-1 1.73 169.17 170.90 NOTE
r-devel-linux-x86_64-fedora-clang 1.2-1 283.80 NOTE
r-devel-linux-x86_64-fedora-gcc 1.2-1 327.03 NOTE
r-devel-windows-x86_64 1.2-1 4.00 208.00 212.00 NOTE
r-patched-linux-x86_64 1.2-1 2.20 240.54 242.74 NOTE
r-release-linux-x86_64 1.2-1 2.23 233.98 236.21 NOTE
r-release-macos-arm64 1.2-1 114.00 NOTE
r-release-macos-x86_64 1.2-1 176.00 NOTE
r-release-windows-x86_64 1.2-1 4.00 214.00 218.00 NOTE
r-oldrel-macos-arm64 1.2-1 121.00 OK
r-oldrel-macos-x86_64 1.2-1 194.00 OK
r-oldrel-windows-x86_64 1.2-1 3.00 222.00 225.00 OK

Check Details

Version: 1.2-1
Check: Rd files
Result: NOTE checkRd: (-1) deconv.Rd:85: Lost braces; missing escapes or markup? 85 | \code{tg}, std. error of \eqn{g}, \eqn{G} (the cdf of {g}), | ^ Flavors: r-devel-linux-x86_64-debian-clang, r-devel-linux-x86_64-debian-gcc, r-devel-linux-x86_64-fedora-clang, r-devel-linux-x86_64-fedora-gcc, r-devel-windows-x86_64, r-patched-linux-x86_64, r-release-linux-x86_64, r-release-macos-arm64, r-release-macos-x86_64, r-release-windows-x86_64