CRAN Package Check Results for Package decoder

Last updated on 2022-08-20 05:50:25 CEST.

Flavor Version Tinstall Tcheck Ttotal Status Flags
r-devel-linux-x86_64-debian-clang 1.2.2 5.28 41.67 46.95 OK
r-devel-linux-x86_64-debian-gcc 1.2.2 4.10 32.78 36.88 OK
r-devel-linux-x86_64-fedora-clang 1.2.2 68.72 NOTE
r-devel-linux-x86_64-fedora-gcc 1.2.2 66.97 NOTE
r-devel-windows-x86_64 1.2.2 48.00 85.00 133.00 OK
r-patched-linux-x86_64 1.2.2 7.48 38.18 45.66 OK
r-release-linux-x86_64 1.2.2 OK
r-release-macos-arm64 1.2.2 24.00 NOTE
r-release-macos-x86_64 1.2.2 32.00 NOTE
r-release-windows-x86_64 1.2.2 46.00 74.00 120.00 OK
r-oldrel-macos-arm64 1.2.2 34.00 NOTE
r-oldrel-macos-x86_64 1.2.2 50.00 NOTE
r-oldrel-windows-ix86+x86_64 1.2.2 11.00 69.00 80.00 OK

Check Details

Version: 1.2.2
Check: data for non-ASCII characters
Result: NOTE
     Note: found 1 marked Latin-1 string
     Note: found 46826 marked UTF-8 strings
Flavors: r-devel-linux-x86_64-fedora-clang, r-devel-linux-x86_64-fedora-gcc, r-release-macos-arm64, r-release-macos-x86_64, r-oldrel-macos-arm64, r-oldrel-macos-x86_64