CRAN Package Check Results for Package decode

Last updated on 2020-04-04 04:49:55 CEST.

Flavor Version Tinstall Tcheck Ttotal Status Flags
r-devel-linux-x86_64-debian-clang 1.2 3.21 26.05 29.26 OK
r-devel-linux-x86_64-debian-gcc 1.2 2.61 21.61 24.22 OK
r-devel-linux-x86_64-fedora-clang 1.2 34.87 NOTE
r-devel-linux-x86_64-fedora-gcc 1.2 36.04 OK
r-devel-windows-ix86+x86_64 1.2 8.00 35.00 43.00 OK
r-devel-windows-ix86+x86_64-gcc8 1.2 7.00 37.00 44.00 OK
r-patched-linux-x86_64 1.2 3.01 26.32 29.33 OK
r-patched-solaris-x86 1.2 55.20 NOTE
r-release-linux-x86_64 1.2 2.79 24.87 27.66 OK
r-release-windows-ix86+x86_64 1.2 7.00 56.00 63.00 OK
r-release-osx-x86_64 1.2 OK
r-oldrel-windows-ix86+x86_64 1.2 7.00 36.00 43.00 OK
r-oldrel-osx-x86_64 1.2 OK

Check Details

Version: 1.2
Check: installed package size
Result: NOTE
     installed size is 5.0Mb
     sub-directories of 1Mb or more:
     extdata 4.8Mb
Flavors: r-devel-linux-x86_64-fedora-clang, r-patched-solaris-x86