CRAN Package Check Results for Package decido

Last updated on 2023-12-06 18:52:41 CET.

Flavor Version Tinstall Tcheck Ttotal Status Flags
r-devel-linux-x86_64-debian-clang 0.3.0 21.06 33.36 54.42 NOTE
r-devel-linux-x86_64-debian-gcc 0.3.0 14.34 26.39 40.73 NOTE
r-devel-linux-x86_64-fedora-clang 0.3.0 82.39 NOTE
r-devel-linux-x86_64-fedora-gcc 0.3.0 86.92 NOTE
r-devel-windows-x86_64 0.3.0 18.00 74.00 92.00 NOTE
r-patched-linux-x86_64 0.3.0 18.20 32.82 51.02 NOTE
r-release-linux-x86_64 0.3.0 19.19 32.83 52.02 NOTE
r-release-macos-arm64 0.3.0 29.00 NOTE
r-release-macos-x86_64 0.3.0 54.00 NOTE
r-release-windows-x86_64 0.3.0 23.00 79.00 102.00 NOTE
r-oldrel-macos-arm64 0.3.0 25.00 NOTE
r-oldrel-macos-x86_64 0.3.0 35.00 NOTE
r-oldrel-windows-x86_64 0.3.0 22.00 73.00 95.00 NOTE

Check Details

Version: 0.3.0
Check: C++ specification
Result: NOTE Specified C++11: please drop specification unless essential Flavors: r-devel-linux-x86_64-debian-clang, r-devel-linux-x86_64-debian-gcc, r-devel-linux-x86_64-fedora-clang, r-devel-linux-x86_64-fedora-gcc, r-devel-windows-x86_64, r-patched-linux-x86_64, r-release-linux-x86_64, r-release-macos-arm64, r-release-macos-x86_64, r-release-windows-x86_64

Version: 0.3.0
Check: LazyData
Result: NOTE 'LazyData' is specified without a 'data' directory Flavors: r-devel-linux-x86_64-debian-clang, r-devel-linux-x86_64-debian-gcc, r-devel-linux-x86_64-fedora-clang, r-devel-linux-x86_64-fedora-gcc, r-devel-windows-x86_64, r-patched-linux-x86_64, r-release-linux-x86_64, r-release-macos-arm64, r-release-macos-x86_64, r-release-windows-x86_64, r-oldrel-macos-arm64, r-oldrel-macos-x86_64, r-oldrel-windows-x86_64