CRAN Package Check Results for Package debugr

Last updated on 2018-10-18 19:47:46 CEST.

Flavor Version Tinstall Tcheck Ttotal Status Flags
r-devel-linux-x86_64-debian-clang 0.0.1 1.05 19.86 20.91 OK
r-devel-linux-x86_64-debian-gcc 0.0.1 OK
r-devel-linux-x86_64-fedora-clang 0.0.1 26.00 OK
r-devel-linux-x86_64-fedora-gcc 0.0.1 26.18 OK
r-devel-windows-ix86+x86_64 0.0.1 3.00 32.00 35.00 OK
r-patched-linux-x86_64 0.0.1 0.93 18.04 18.97 OK
r-patched-solaris-x86 0.0.1 35.30 OK
r-release-linux-x86_64 0.0.1 0.99 18.34 19.33 OK
r-release-windows-ix86+x86_64 0.0.1 3.00 42.00 45.00 OK
r-release-osx-x86_64 0.0.1 OK
r-oldrel-osx-x86_64 0.0.1 ERROR

Check Details

Version: 0.0.1
Check: whether package can be installed
Result: ERROR
    Installation failed.
Flavor: r-oldrel-osx-x86_64