CRAN Package Check Results for Package debugr

Last updated on 2022-05-22 17:50:39 CEST.

Flavor Version Tinstall Tcheck Ttotal Status Flags
r-devel-linux-x86_64-debian-clang 0.0.1 2.16 34.17 36.33 NOTE
r-devel-linux-x86_64-debian-gcc 0.0.1 1.55 26.18 27.73 NOTE
r-devel-linux-x86_64-fedora-clang 0.0.1 43.24 NOTE
r-devel-linux-x86_64-fedora-gcc 0.0.1 41.65 NOTE
r-devel-windows-x86_64 0.0.1 8.00 53.00 61.00 NOTE
r-patched-linux-x86_64 0.0.1 1.93 32.65 34.58 NOTE
r-release-linux-x86_64 0.0.1 2.08 31.64 33.72 NOTE
r-release-macos-arm64 0.0.1 17.00 NOTE
r-release-macos-x86_64 0.0.1 22.00 NOTE
r-release-windows-x86_64 0.0.1 11.00 52.00 63.00 NOTE
r-oldrel-macos-arm64 0.0.1 20.00 NOTE
r-oldrel-macos-x86_64 0.0.1 28.00 NOTE
r-oldrel-windows-ix86+x86_64 0.0.1 7.00 46.00 53.00 NOTE

Check Details

Version: 0.0.1
Check: LazyData
Result: NOTE
     'LazyData' is specified without a 'data' directory
Flavors: r-devel-linux-x86_64-debian-clang, r-devel-linux-x86_64-debian-gcc, r-devel-linux-x86_64-fedora-clang, r-devel-linux-x86_64-fedora-gcc, r-devel-windows-x86_64, r-patched-linux-x86_64, r-release-linux-x86_64, r-release-macos-arm64, r-release-macos-x86_64, r-release-windows-x86_64, r-oldrel-macos-arm64, r-oldrel-macos-x86_64, r-oldrel-windows-ix86+x86_64