CRAN Package Check Results for Package debugr

Last updated on 2019-02-20 13:46:23 CET.

Flavor Version Tinstall Tcheck Ttotal Status Flags
r-devel-linux-x86_64-debian-clang 0.0.1 1.41 19.35 20.76 OK
r-devel-linux-x86_64-debian-gcc 0.0.1 1.08 15.93 17.01 OK
r-devel-linux-x86_64-fedora-clang 0.0.1 26.36 OK
r-devel-linux-x86_64-fedora-gcc 0.0.1 24.57 OK
r-devel-windows-ix86+x86_64 0.0.1 3.00 42.00 45.00 OK
r-patched-linux-x86_64 0.0.1 OK
r-patched-solaris-x86 0.0.1 34.90 OK
r-release-linux-x86_64 0.0.1 OK
r-release-windows-ix86+x86_64 0.0.1 3.00 40.00 43.00 OK
r-release-osx-x86_64 0.0.1 OK
r-oldrel-osx-x86_64 0.0.1 ERROR

Check Details

Version: 0.0.1
Check: whether package can be installed
Result: ERROR
    Installation failed.
Flavor: r-oldrel-osx-x86_64