CRAN Package Check Results for Package debugr

Last updated on 2018-12-09 17:49:57 CET.

Flavor Version Tinstall Tcheck Ttotal Status Flags
r-devel-linux-x86_64-debian-clang 0.0.1 1.07 19.62 20.69 OK
r-devel-linux-x86_64-debian-gcc 0.0.1 0.88 15.93 16.81 OK
r-devel-linux-x86_64-fedora-clang 0.0.1 26.01 OK
r-devel-linux-x86_64-fedora-gcc 0.0.1 25.64 OK
r-devel-windows-ix86+x86_64 0.0.1 3.00 33.00 36.00 OK
r-patched-linux-x86_64 0.0.1 0.79 18.35 19.14 OK
r-patched-solaris-x86 0.0.1 36.80 OK
r-release-linux-x86_64 0.0.1 0.73 18.36 19.09 OK
r-release-windows-ix86+x86_64 0.0.1 4.00 30.00 34.00 OK
r-release-osx-x86_64 0.0.1 OK
r-oldrel-osx-x86_64 0.0.1 ERROR

Check Details

Version: 0.0.1
Check: whether package can be installed
Result: ERROR
    Installation failed.
Flavor: r-oldrel-osx-x86_64