CRAN Package Check Results for Package debugr

Last updated on 2018-08-22 07:47:35 CEST.

Flavor Version Tinstall Tcheck Ttotal Status Flags
r-devel-linux-x86_64-debian-clang 0.0.1 0.86 20.04 20.90 OK
r-devel-linux-x86_64-debian-gcc 0.0.1 0.86 16.22 17.08 OK
r-devel-linux-x86_64-fedora-clang 0.0.1 25.27 OK
r-devel-linux-x86_64-fedora-gcc 0.0.1 24.10 OK
r-devel-windows-ix86+x86_64 0.0.1 3.00 33.00 36.00 OK
r-patched-linux-x86_64 0.0.1 1.00 18.47 19.47 OK
r-patched-solaris-x86 0.0.1 37.10 OK
r-release-linux-x86_64 0.0.1 1.03 18.22 19.25 OK
r-release-windows-ix86+x86_64 0.0.1 5.00 30.00 35.00 OK
r-release-osx-x86_64 0.0.1 OK
r-oldrel-osx-x86_64 0.0.1 ERROR

Check Details

Version: 0.0.1
Check: whether package can be installed
Result: ERROR
    Installation failed.
Flavor: r-oldrel-osx-x86_64