CRAN Package Check Results for Package debest

Last updated on 2024-06-13 05:59:01 CEST.

Flavor Version Tinstall Tcheck Ttotal Status Flags
r-devel-linux-x86_64-debian-clang 0.1.0 10.24 112.79 123.03 OK
r-devel-linux-x86_64-debian-gcc 0.1.0 0.33 1.72 2.05 ERROR
r-devel-linux-x86_64-fedora-clang 0.1.0 155.32 OK
r-devel-linux-x86_64-fedora-gcc 0.1.0 141.07 OK
r-devel-windows-x86_64 0.1.0 10.00 92.00 102.00 OK
r-patched-linux-x86_64 0.1.0 11.51 105.94 117.45 OK
r-release-linux-x86_64 0.1.0 10.45 110.13 120.58 OK
r-release-macos-arm64 0.1.0 43.00 OK
r-release-macos-x86_64 0.1.0 86.00 OK
r-release-windows-x86_64 0.1.0 11.00 93.00 104.00 OK
r-oldrel-macos-arm64 0.1.0 47.00 OK
r-oldrel-macos-x86_64 0.1.0 79.00 OK
r-oldrel-windows-x86_64 0.1.0 13.00 110.00 123.00 OK

Check Details

Version: 0.1.0
Check: package dependencies
Result: ERROR Package required but not available: ‘flexsurv’ See section ‘The DESCRIPTION file’ in the ‘Writing R Extensions’ manual. Flavor: r-devel-linux-x86_64-debian-gcc