CRAN Package Check Results for Package deamer

Last updated on 2020-12-03 23:48:31 CET.

Flavor Version Tinstall Tcheck Ttotal Status Flags
r-devel-linux-x86_64-debian-clang 1.0 2.48 49.20 51.68 NOTE
r-devel-linux-x86_64-debian-gcc 1.0 2.35 36.33 38.68 NOTE
r-devel-linux-x86_64-fedora-clang 1.0 66.99 NOTE
r-devel-linux-x86_64-fedora-gcc 1.0 55.93 NOTE
r-devel-windows-ix86+x86_64 1.0 5.00 74.00 79.00 NOTE
r-patched-linux-x86_64 1.0 2.63 46.66 49.29 NOTE
r-patched-solaris-x86 1.0 134.80 NOTE
r-release-linux-x86_64 1.0 2.87 45.81 48.68 NOTE
r-release-macos-x86_64 1.0 NOTE
r-release-windows-ix86+x86_64 1.0 4.00 64.00 68.00 NOTE
r-oldrel-macos-x86_64 1.0 NOTE
r-oldrel-windows-ix86+x86_64 1.0 5.00 71.00 76.00 NOTE

Check Details

Version: 1.0
Check: R code for possible problems
Result: NOTE
    ifft: no visible global function definition for 'fft'
    lines.deamer: no visible global function definition for 'lines'
    rlaplace: no visible global function definition for 'runif'
    Undefined global functions or variables:
     fft lines runif
    Consider adding
     importFrom("graphics", "lines")
     importFrom("stats", "fft", "runif")
    to your NAMESPACE file.
Flavors: r-devel-linux-x86_64-debian-clang, r-devel-linux-x86_64-debian-gcc, r-devel-linux-x86_64-fedora-clang, r-devel-linux-x86_64-fedora-gcc, r-devel-windows-ix86+x86_64, r-patched-linux-x86_64, r-patched-solaris-x86, r-release-linux-x86_64, r-release-macos-x86_64, r-release-windows-ix86+x86_64

Version: 1.0
Check: R code for possible problems
Result: NOTE
    ifft: no visible global function definition for ‘fft’
    lines.deamer: no visible global function definition for ‘lines’
    plot.deamer: no visible global function definition for ‘plot’
    rlaplace: no visible global function definition for ‘runif’
    Undefined global functions or variables:
     fft lines plot runif
    Consider adding
     importFrom("graphics", "lines", "plot")
     importFrom("stats", "fft", "runif")
    to your NAMESPACE file.
Flavors: r-oldrel-macos-x86_64, r-oldrel-windows-ix86+x86_64