CRAN Package Check Results for Package deTS

Last updated on 2022-12-09 01:50:26 CET.

Flavor Version Tinstall Tcheck Ttotal Status Flags
r-devel-linux-x86_64-debian-clang 1.0 4.90 61.19 66.09 OK
r-devel-linux-x86_64-debian-gcc 1.0 3.20 49.87 53.07 OK
r-devel-linux-x86_64-fedora-clang 1.0 96.23 NOTE
r-devel-linux-x86_64-fedora-gcc 1.0 92.22 NOTE
r-devel-windows-x86_64 1.0 13.00 102.00 115.00 OK
r-patched-linux-x86_64 1.0 3.71 62.41 66.12 OK
r-release-linux-x86_64 1.0 3.96 61.21 65.17 OK
r-release-macos-arm64 1.0 29.00 NOTE
r-release-macos-x86_64 1.0 41.00 NOTE
r-release-windows-x86_64 1.0 12.00 103.00 115.00 OK
r-oldrel-macos-arm64 1.0 34.00 NOTE
r-oldrel-macos-x86_64 1.0 57.00 NOTE
r-oldrel-windows-ix86+x86_64 1.0 9.00 86.00 95.00 OK

Check Details

Version: 1.0
Check: dependencies in R code
Result: NOTE
    Namespace in Imports field not imported from: ‘RColorBrewer’
     All declared Imports should be used.
Flavors: r-devel-linux-x86_64-fedora-clang, r-devel-linux-x86_64-fedora-gcc, r-release-macos-arm64, r-release-macos-x86_64, r-oldrel-macos-arm64, r-oldrel-macos-x86_64