CRAN Package Check Results for Package dcortools

Last updated on 2023-06-03 12:56:49 CEST.

Flavor Version Tinstall Tcheck Ttotal Status Flags
r-devel-linux-x86_64-debian-clang 0.1.6 63.01 56.87 119.88 NOTE
r-devel-linux-x86_64-debian-gcc 0.1.6 48.88 43.48 92.36 NOTE
r-devel-linux-x86_64-fedora-clang 0.1.6 182.09 NOTE
r-devel-linux-x86_64-fedora-gcc 0.1.6 176.03 NOTE
r-devel-windows-x86_64 0.1.6 56.00 83.00 139.00 NOTE
r-patched-linux-x86_64 0.1.6 NOTE
r-release-linux-x86_64 0.1.6 48.46 55.24 103.70 NOTE
r-release-macos-arm64 0.1.6 43.00 NOTE
r-release-macos-x86_64 0.1.6 75.00 NOTE
r-release-windows-x86_64 0.1.6 70.00 89.00 159.00 NOTE
r-oldrel-macos-arm64 0.1.6 44.00 OK
r-oldrel-macos-x86_64 0.1.6 63.00 OK
r-oldrel-windows-x86_64 0.1.6 70.00 90.00 160.00 OK

Check Details

Version: 0.1.6
Check: C++ specification
Result: NOTE
     Specified C++11: please drop specification unless essential
Flavors: r-devel-linux-x86_64-debian-clang, r-devel-linux-x86_64-debian-gcc, r-devel-linux-x86_64-fedora-clang, r-devel-linux-x86_64-fedora-gcc, r-devel-windows-x86_64, r-patched-linux-x86_64, r-release-linux-x86_64, r-release-macos-arm64, r-release-macos-x86_64, r-release-windows-x86_64