CRAN Package Check Results for Package dcortools

Last updated on 2021-09-19 11:49:48 CEST.

Flavor Version Tinstall Tcheck Ttotal Status Flags
r-devel-linux-x86_64-debian-clang 0.1.2 70.93 60.02 130.95 OK
r-devel-linux-x86_64-debian-gcc 0.1.2 48.09 44.88 92.97 OK
r-devel-linux-x86_64-fedora-clang 0.1.2 181.80 OK
r-devel-linux-x86_64-fedora-gcc 0.1.2 158.56 OK
r-devel-windows-x86_64 0.1.2 68.00 90.00 158.00 OK
r-devel-windows-x86_64-gcc10-UCRT 0.1.2 ERROR
r-patched-linux-x86_64 0.1.2 57.93 57.13 115.06 OK
r-patched-solaris-x86 0.1.2 170.10 WARN
r-release-linux-x86_64 0.1.2 57.42 56.94 114.36 OK
r-release-macos-arm64 0.1.2 WARN
r-release-macos-x86_64 0.1.2 WARN
r-release-windows-ix86+x86_64 0.1.2 165.00 83.00 248.00 OK
r-oldrel-macos-x86_64 0.1.2 WARN
r-oldrel-windows-ix86+x86_64 0.1.2 170.00 91.00 261.00 OK

Check Details

Version: 0.1.2
Check: whether package can be installed
Result: ERROR
    Installation failed.
Flavor: r-devel-windows-x86_64-gcc10-UCRT

Version: 0.1.2
Check: compiled code
Result: WARN
    File ‘dcortools/libs/dcortools.so’:
     Found ‘__assert_c99’, possibly from ‘assert’ (C)
     Objects: ‘RcppExports.o’, ‘matrix_vector_operations.o’
    
    Compiled code should not call entry points which might terminate R nor
    write to stdout/stderr instead of to the console, nor use Fortran I/O
    nor system RNGs.
    
    See ‘Writing portable packages’ in the ‘Writing R Extensions’ manual.
Flavor: r-patched-solaris-x86

Version: 0.1.2
Check: compiled code
Result: WARN
    File ‘dcortools/libs/dcortools.so’:
     Found ‘___assert_rtn’, possibly from ‘assert’ (C)
     Objects: ‘RcppExports.o’, ‘matrix_vector_operations.o’
    
    Compiled code should not call entry points which might terminate R nor
    write to stdout/stderr instead of to the console, nor use Fortran I/O
    nor system RNGs.
    
    See ‘Writing portable packages’ in the ‘Writing R Extensions’ manual.
Flavors: r-release-macos-arm64, r-release-macos-x86_64, r-oldrel-macos-x86_64