CRAN Package Check Results for Package dcminfo

Last updated on 2019-04-20 10:47:34 CEST.

Flavor Version Tinstall Tcheck Ttotal Status Flags
r-devel-linux-x86_64-debian-clang 0.1.7 1.82 26.13 27.95 OK
r-devel-linux-x86_64-debian-gcc 0.1.7 2.25 26.58 28.83 OK
r-devel-linux-x86_64-fedora-clang 0.1.7 33.96 NOTE
r-devel-linux-x86_64-fedora-gcc 0.1.7 31.99 NOTE
r-devel-windows-ix86+x86_64 0.1.7 6.00 59.00 65.00 OK
r-patched-linux-x86_64 0.1.7 2.26 26.64 28.90 OK
r-patched-solaris-x86 0.1.7 53.80 NOTE
r-release-linux-x86_64 0.1.7 1.48 24.95 26.43 OK
r-release-windows-ix86+x86_64 0.1.7 3.00 52.00 55.00 OK
r-release-osx-x86_64 0.1.7 NOTE
r-oldrel-windows-ix86+x86_64 0.1.7 2.00 51.00 53.00 OK
r-oldrel-osx-x86_64 0.1.7 NOTE

Check Details

Version: 0.1.7
Check: dependencies in R code
Result: NOTE
    Namespace in Imports field not imported from: ‘CDM’
     All declared Imports should be used.
Flavors: r-devel-linux-x86_64-fedora-clang, r-devel-linux-x86_64-fedora-gcc, r-patched-solaris-x86, r-release-osx-x86_64, r-oldrel-osx-x86_64