CRAN Package Check Results for Package dcminfo

Last updated on 2020-04-01 12:47:15 CEST.

Flavor Version Tinstall Tcheck Ttotal Status Flags
r-devel-linux-x86_64-debian-clang 0.1.7 2.55 28.60 31.15 OK
r-devel-linux-x86_64-debian-gcc 0.1.7 2.04 22.27 24.31 OK
r-devel-linux-x86_64-fedora-clang 0.1.7 37.72 NOTE
r-devel-linux-x86_64-fedora-gcc 0.1.7 36.65 NOTE
r-devel-windows-ix86+x86_64 0.1.7 6.00 40.00 46.00 OK
r-devel-windows-ix86+x86_64-gcc8 0.1.7 6.00 42.00 48.00 OK
r-patched-linux-x86_64 0.1.7 2.53 27.29 29.82 OK
r-patched-solaris-x86 0.1.7 60.80 NOTE
r-release-linux-x86_64 0.1.7 2.10 25.56 27.66 OK
r-release-windows-ix86+x86_64 0.1.7 4.00 42.00 46.00 OK
r-release-osx-x86_64 0.1.7 NOTE
r-oldrel-windows-ix86+x86_64 0.1.7 5.00 52.00 57.00 OK
r-oldrel-osx-x86_64 0.1.7 NOTE

Check Details

Version: 0.1.7
Check: dependencies in R code
Result: NOTE
    Namespace in Imports field not imported from: ‘CDM’
     All declared Imports should be used.
Flavors: r-devel-linux-x86_64-fedora-clang, r-devel-linux-x86_64-fedora-gcc, r-patched-solaris-x86, r-release-osx-x86_64, r-oldrel-osx-x86_64