CRAN Package Check Results for Package dbplyr

Last updated on 2019-03-23 22:24:58 CET.

Flavor Version Tinstall Tcheck Ttotal Status Flags
r-devel-linux-x86_64-debian-clang 1.3.0 11.01 91.39 102.40 OK
r-devel-linux-x86_64-debian-gcc 1.3.0 8.52 70.62 79.14 OK
r-devel-linux-x86_64-fedora-clang 1.3.0 120.64 OK
r-devel-linux-x86_64-fedora-gcc 1.3.0 117.07 OK
r-devel-windows-ix86+x86_64 1.3.0 26.00 136.00 162.00 OK
r-patched-linux-x86_64 1.3.0 6.59 83.39 89.98 OK
r-patched-solaris-x86 1.3.0 141.00 OK
r-release-linux-x86_64 1.3.0 0.44 3.32 3.76 ERROR
r-release-windows-ix86+x86_64 1.3.0 14.00 94.00 108.00 OK
r-release-osx-x86_64 1.3.0 NOTE
r-oldrel-windows-ix86+x86_64 1.3.0 7.00 111.00 118.00 OK
r-oldrel-osx-x86_64 1.3.0 NOTE

Check Details

Version: 1.3.0
Check: whether package can be installed
Result: ERROR
    Installation failed.
Flavor: r-release-linux-x86_64

Version: 1.3.0
Check: dependencies in R code
Result: NOTE
    Missing or unexported object: ‘dplyr::group_rows’
Flavors: r-release-osx-x86_64, r-oldrel-osx-x86_64