CRAN Package Check Results for Package dbplyr

Last updated on 2020-10-19 16:48:29 CEST.

Flavor Version Tinstall Tcheck Ttotal Status Flags
r-devel-linux-x86_64-debian-clang 1.4.4 12.89 120.85 133.74 OK
r-devel-linux-x86_64-debian-gcc 1.4.4 12.09 88.70 100.79 OK
r-devel-linux-x86_64-fedora-clang 1.4.4 166.02 NOTE
r-devel-linux-x86_64-fedora-gcc 1.4.4 156.39 NOTE
r-devel-windows-ix86+x86_64 1.4.4 20.00 110.00 130.00 OK
r-patched-linux-x86_64 1.4.4 13.32 110.49 123.81 OK
r-patched-solaris-x86 1.4.4 200.30 NOTE
r-release-linux-x86_64 1.4.4 12.64 110.37 123.01 OK
r-release-macos-x86_64 1.4.4 NOTE
r-release-windows-ix86+x86_64 1.4.4 20.00 111.00 131.00 OK
r-oldrel-macos-x86_64 1.4.4 NOTE
r-oldrel-windows-ix86+x86_64 1.4.4 19.00 100.00 119.00 OK

Check Details

Version: 1.4.4
Check: dependencies in R code
Result: NOTE
    Namespace in Imports field not imported from: ‘magrittr’
     All declared Imports should be used.
Flavors: r-devel-linux-x86_64-fedora-clang, r-devel-linux-x86_64-fedora-gcc, r-patched-solaris-x86, r-release-macos-x86_64, r-oldrel-macos-x86_64

Version: 1.4.4
Check: package dependencies
Result: NOTE
    Package suggested but not available for checking: ‘RPostgres’
Flavor: r-patched-solaris-x86