CRAN Package Check Results for Package dbplyr

Last updated on 2019-01-18 13:52:11 CET.

Flavor Version Tinstall Tcheck Ttotal Status Flags
r-devel-linux-x86_64-debian-clang 1.3.0 9.50 87.43 96.93 NOTE
r-devel-linux-x86_64-debian-gcc 1.3.0 6.72 68.02 74.74 NOTE
r-devel-linux-x86_64-fedora-clang 1.3.0 115.11 NOTE
r-devel-linux-x86_64-fedora-gcc 1.3.0 107.68 NOTE
r-devel-windows-ix86+x86_64 1.3.0 20.00 144.00 164.00 NOTE
r-patched-linux-x86_64 1.3.0 8.77 77.55 86.32 NOTE
r-patched-solaris-x86 1.3.0 147.90 NOTE
r-release-linux-x86_64 1.3.0 9.60 77.19 86.79 NOTE
r-release-windows-ix86+x86_64 1.3.0 19.00 126.00 145.00 NOTE
r-release-osx-x86_64 1.3.0 NOTE
r-oldrel-windows-ix86+x86_64 1.3.0 13.00 105.00 118.00 NOTE
r-oldrel-osx-x86_64 1.2.2 OK

Check Details

Version: 1.3.0
Check: dependencies in R code
Result: NOTE
    Missing or unexported object: ‘dplyr::group_rows’
Flavors: r-devel-linux-x86_64-debian-clang, r-devel-linux-x86_64-debian-gcc, r-devel-linux-x86_64-fedora-clang, r-devel-linux-x86_64-fedora-gcc, r-devel-windows-ix86+x86_64, r-patched-linux-x86_64, r-patched-solaris-x86, r-release-linux-x86_64, r-release-windows-ix86+x86_64, r-release-osx-x86_64, r-oldrel-windows-ix86+x86_64