Last updated on 2023-12-11 13:49:33 CET.
Flavor | Version | Tinstall | Tcheck | Ttotal | Status | Flags |
---|---|---|---|---|---|---|
r-devel-linux-x86_64-debian-clang | 2.8-2 | 36.85 | 204.29 | 241.14 | NOTE | |
r-devel-linux-x86_64-debian-gcc | 2.8-2 | 26.48 | 150.80 | 177.28 | NOTE | |
r-devel-linux-x86_64-fedora-clang | 2.8-2 | 299.74 | OK | |||
r-devel-linux-x86_64-fedora-gcc | 2.8-2 | 318.93 | OK | |||
r-devel-windows-x86_64 | 2.8-2 | 33.00 | 193.00 | 226.00 | OK | |
r-patched-linux-x86_64 | 2.8-2 | 30.72 | 198.09 | 228.81 | OK | |
r-release-linux-x86_64 | 2.8-2 | 26.37 | 194.56 | 220.93 | OK | |
r-release-macos-arm64 | 2.8-2 | 92.00 | OK | |||
r-release-macos-x86_64 | 2.8-2 | 212.00 | OK | |||
r-release-windows-x86_64 | 2.8-2 | 40.00 | 236.00 | 276.00 | OK | |
r-oldrel-macos-arm64 | 2.8-2 | 96.00 | OK | |||
r-oldrel-macos-x86_64 | 2.8-2 | 117.00 | OK | |||
r-oldrel-windows-x86_64 | 2.8-2 | 37.00 | 230.00 | 267.00 | OK |
Version: 2.8-2
Check: Rd files
Result: NOTE
checkRd: (-1) is.wmppp.Rd:7: Lost braces; missing escapes or markup?
7 | Check whether its argument is an object of class {"wmppp"} (\code{\link{wmppp.object}}).
| ^
Flavors: r-devel-linux-x86_64-debian-clang, r-devel-linux-x86_64-debian-gcc