CRAN Package Check Results for Package dbhydroR

Last updated on 2021-08-05 10:51:43 CEST.

Flavor Version Tinstall Tcheck Ttotal Status Flags
r-devel-linux-x86_64-debian-clang 0.2-8 4.22 44.75 48.97 NOTE
r-devel-linux-x86_64-debian-gcc 0.2-8 2.56 34.66 37.22 NOTE
r-devel-linux-x86_64-fedora-clang 0.2-8 68.40 NOTE
r-devel-linux-x86_64-fedora-gcc 0.2-8 56.48 NOTE
r-devel-windows-x86_64 0.2-8 7.00 68.00 75.00 NOTE
r-devel-windows-x86_64-gcc10-UCRT 0.2-8 ERROR
r-patched-linux-x86_64 0.2-8 4.19 43.49 47.68 NOTE
r-patched-solaris-x86 0.2-8 86.00 NOTE
r-release-linux-x86_64 0.2-8 3.77 43.15 46.92 NOTE
r-release-macos-arm64 0.2-8 NOTE
r-release-macos-x86_64 0.2-8 NOTE
r-release-windows-ix86+x86_64 0.2-8 9.00 64.00 73.00 NOTE
r-oldrel-macos-x86_64 0.2-8 OK
r-oldrel-windows-ix86+x86_64 0.2-8 27.00 67.00 94.00 OK

Check Details

Version: 0.2-8
Check: LazyData
Result: NOTE
     'LazyData' is specified without a 'data' directory
Flavors: r-devel-linux-x86_64-debian-clang, r-devel-linux-x86_64-debian-gcc, r-devel-linux-x86_64-fedora-clang, r-devel-linux-x86_64-fedora-gcc, r-devel-windows-x86_64, r-devel-windows-x86_64-gcc10-UCRT, r-patched-linux-x86_64, r-patched-solaris-x86, r-release-linux-x86_64, r-release-macos-arm64, r-release-macos-x86_64, r-release-windows-ix86+x86_64

Version: 0.2-8
Check: package dependencies
Result: NOTE
    Package suggested but not available for checking: 'testthat'
Flavor: r-devel-windows-x86_64-gcc10-UCRT

Version: 0.2-8
Check: tests
Result: ERROR
     Running 'testthat.R'
    Running the tests in 'tests/testthat.R' failed.
    Complete output:
     > library(testthat)
     Error in library(testthat) : there is no package called 'testthat'
     Execution halted
Flavor: r-devel-windows-x86_64-gcc10-UCRT