CRAN Package Check Results for Package dbd

Last updated on 2021-09-19 11:49:48 CEST.

Flavor Version Tinstall Tcheck Ttotal Status Flags
r-devel-linux-x86_64-debian-clang 0.0-22 3.60 54.87 58.47 OK
r-devel-linux-x86_64-debian-gcc 0.0-22 2.76 39.49 42.25 OK
r-devel-linux-x86_64-fedora-clang 0.0-22 78.25 OK
r-devel-linux-x86_64-fedora-gcc 0.0-22 67.80 OK
r-devel-windows-x86_64 0.0-22 6.00 78.00 84.00 OK
r-devel-windows-x86_64-gcc10-UCRT 0.0-22 ERROR
r-patched-linux-x86_64 0.0-22 4.34 52.71 57.05 OK
r-patched-solaris-x86 0.0-22 94.10 OK
r-release-linux-x86_64 0.0-22 3.53 53.19 56.72 OK
r-release-macos-arm64 0.0-22 OK
r-release-macos-x86_64 0.0-22 OK
r-release-windows-ix86+x86_64 0.0-22 7.00 58.00 65.00 OK
r-oldrel-macos-x86_64 0.0-22 OK
r-oldrel-windows-ix86+x86_64 0.0-22 7.00 59.00 66.00 OK

Check Details

Version: 0.0-22
Check: whether package can be installed
Result: WARN
    Found the following significant warnings:
     WARNING: installation-time patches will not be applied, could not get the patches index
Flavor: r-devel-windows-x86_64-gcc10-UCRT

Version: 0.0-22
Check: PDF version of manual
Result: WARN
    LaTeX errors when creating PDF version.
    This typically indicates Rd problems.
Flavor: r-devel-windows-x86_64-gcc10-UCRT

Version: 0.0-22
Check: PDF version of manual without hyperrefs or index
Result: ERROR
    Re-running with no redirection of stdout/stderr.
Flavor: r-devel-windows-x86_64-gcc10-UCRT