CRAN Package Check Results for Package dbEmpLikeNorm

Last updated on 2019-04-24 03:49:43 CEST.

Flavor Version Tinstall Tcheck Ttotal Status Flags
r-devel-linux-x86_64-debian-clang 1.0.0 2.95 38.29 41.24 NOTE
r-devel-linux-x86_64-debian-gcc 1.0.0 2.50 29.38 31.88 NOTE
r-devel-linux-x86_64-fedora-clang 1.0.0 48.93 NOTE
r-devel-linux-x86_64-fedora-gcc 1.0.0 47.77 NOTE
r-devel-windows-ix86+x86_64 1.0.0 8.00 47.00 55.00 NOTE
r-patched-linux-x86_64 1.0.0 2.59 37.55 40.14 NOTE
r-patched-solaris-x86 1.0.0 66.00 NOTE
r-release-linux-x86_64 1.0.0 2.26 36.69 38.95 NOTE
r-release-windows-ix86+x86_64 1.0.0 4.00 45.00 49.00 NOTE
r-release-osx-x86_64 1.0.0 NOTE
r-oldrel-windows-ix86+x86_64 1.0.0 3.00 48.00 51.00 NOTE
r-oldrel-osx-x86_64 1.0.0 NOTE

Check Details

Version: 1.0.0
Check: DESCRIPTION meta-information
Result: NOTE
    Malformed Description field: should contain one or more complete sentences.
Flavors: r-devel-linux-x86_64-debian-clang, r-devel-linux-x86_64-debian-gcc, r-devel-linux-x86_64-fedora-clang, r-devel-linux-x86_64-fedora-gcc, r-devel-windows-ix86+x86_64, r-patched-linux-x86_64, r-patched-solaris-x86, r-release-linux-x86_64, r-release-windows-ix86+x86_64, r-release-osx-x86_64, r-oldrel-windows-ix86+x86_64, r-oldrel-osx-x86_64

Version: 1.0.0
Check: R code for possible problems
Result: NOTE
    computePval: no visible global function definition for 'lm'
    computeQhat: no visible global function definition for 'pnorm'
    dbELnorm: no visible global function definition for 'rnorm'
    getCutoffTableThree: no visible global function definition for 'lm'
    getCutoffTableTwo: no visible global function definition for 'lm'
    getCutoffValue: no visible global function definition for 'lm'
    helperGetTstat: no visible global function definition for 'rnorm'
    returnCutoffValue: no visible global function definition for 'rnorm'
    returnCutoffValue: no visible global function definition for 'quantile'
    varianceEstimator: no visible global function definition for 'density'
    varianceEstimator: no visible global function definition for 'ecdf'
    Undefined global functions or variables:
     density ecdf lm pnorm quantile rnorm
    Consider adding
     importFrom("stats", "density", "ecdf", "lm", "pnorm", "quantile",
     "rnorm")
    to your NAMESPACE file.
Flavors: r-devel-linux-x86_64-debian-clang, r-devel-linux-x86_64-debian-gcc, r-devel-linux-x86_64-fedora-clang, r-devel-linux-x86_64-fedora-gcc, r-devel-windows-ix86+x86_64, r-patched-linux-x86_64, r-patched-solaris-x86, r-release-linux-x86_64, r-release-windows-ix86+x86_64, r-release-osx-x86_64, r-oldrel-windows-ix86+x86_64, r-oldrel-osx-x86_64