CRAN Package Check Results for Package dbEmpLikeNorm

Last updated on 2019-02-23 13:57:42 CET.

Flavor Version Tinstall Tcheck Ttotal Status Flags
r-devel-linux-x86_64-debian-clang 1.0.0 2.92 39.52 42.44 NOTE
r-devel-linux-x86_64-debian-gcc 1.0.0 2.20 29.31 31.51 NOTE
r-devel-linux-x86_64-fedora-clang 1.0.0 49.90 NOTE
r-devel-linux-x86_64-fedora-gcc 1.0.0 47.23 NOTE
r-devel-windows-ix86+x86_64 1.0.0 6.00 47.00 53.00 NOTE
r-patched-linux-x86_64 1.0.0 1.47 35.83 37.30 NOTE
r-patched-solaris-x86 1.0.0 62.30 NOTE
r-release-linux-x86_64 1.0.0 2.62 36.35 38.97 NOTE
r-release-windows-ix86+x86_64 1.0.0 4.00 45.00 49.00 NOTE
r-release-osx-x86_64 1.0.0 NOTE
r-oldrel-windows-ix86+x86_64 1.0.0 3.00 48.00 51.00 NOTE
r-oldrel-osx-x86_64 1.0.0 NOTE

Check Details

Version: 1.0.0
Check: DESCRIPTION meta-information
Result: NOTE
    Malformed Description field: should contain one or more complete sentences.
Flavors: r-devel-linux-x86_64-debian-clang, r-devel-linux-x86_64-debian-gcc, r-devel-linux-x86_64-fedora-clang, r-devel-linux-x86_64-fedora-gcc, r-devel-windows-ix86+x86_64, r-patched-linux-x86_64, r-patched-solaris-x86, r-release-linux-x86_64, r-release-windows-ix86+x86_64, r-release-osx-x86_64, r-oldrel-windows-ix86+x86_64, r-oldrel-osx-x86_64

Version: 1.0.0
Check: R code for possible problems
Result: NOTE
    computePval: no visible global function definition for ‘lm’
    computeQhat: no visible global function definition for ‘pnorm’
    dbELnorm: no visible global function definition for ‘rnorm’
    getCutoffTableThree: no visible global function definition for ‘lm’
    getCutoffTableTwo: no visible global function definition for ‘lm’
    getCutoffValue: no visible global function definition for ‘lm’
    helperGetTstat: no visible global function definition for ‘rnorm’
    returnCutoffValue: no visible global function definition for ‘rnorm’
    returnCutoffValue: no visible global function definition for ‘quantile’
    varianceEstimator: no visible global function definition for ‘density’
    varianceEstimator: no visible global function definition for ‘ecdf’
    Undefined global functions or variables:
     density ecdf lm pnorm quantile rnorm
    Consider adding
     importFrom("stats", "density", "ecdf", "lm", "pnorm", "quantile",
     "rnorm")
    to your NAMESPACE file.
Flavors: r-devel-linux-x86_64-debian-clang, r-devel-linux-x86_64-debian-gcc, r-devel-linux-x86_64-fedora-clang, r-devel-linux-x86_64-fedora-gcc, r-devel-windows-ix86+x86_64, r-patched-linux-x86_64, r-patched-solaris-x86, r-release-linux-x86_64, r-release-windows-ix86+x86_64, r-release-osx-x86_64, r-oldrel-windows-ix86+x86_64, r-oldrel-osx-x86_64