CRAN Package Check Results for Package dbEmpLikeGOF

Last updated on 2020-04-05 03:47:36 CEST.

Flavor Version Tinstall Tcheck Ttotal Status Flags
r-devel-linux-x86_64-debian-clang 1.2.4 3.08 39.69 42.77 NOTE
r-devel-linux-x86_64-debian-gcc 1.2.4 2.75 30.81 33.56 NOTE
r-devel-linux-x86_64-fedora-clang 1.2.4 51.32 NOTE
r-devel-linux-x86_64-fedora-gcc 1.2.4 51.36 NOTE
r-devel-windows-ix86+x86_64 1.2.4 6.00 82.00 88.00 NOTE
r-devel-windows-ix86+x86_64-gcc8 1.2.4 6.00 53.00 59.00 NOTE
r-patched-linux-x86_64 1.2.4 3.23 39.21 42.44 NOTE
r-patched-solaris-x86 1.2.4 72.20 NOTE
r-release-linux-x86_64 1.2.4 2.58 36.87 39.45 NOTE
r-release-windows-ix86+x86_64 1.2.4 5.00 74.00 79.00 NOTE
r-release-osx-x86_64 1.2.4 NOTE
r-oldrel-windows-ix86+x86_64 1.2.4 4.00 47.00 51.00 NOTE
r-oldrel-osx-x86_64 1.2.4 NOTE

Check Details

Version: 1.2.4
Check: DESCRIPTION meta-information
Result: NOTE
    Malformed Description field: should contain one or more complete sentences.
Flavors: r-devel-linux-x86_64-debian-clang, r-devel-linux-x86_64-debian-gcc, r-devel-linux-x86_64-fedora-clang, r-devel-linux-x86_64-fedora-gcc, r-devel-windows-ix86+x86_64, r-devel-windows-ix86+x86_64-gcc8, r-patched-linux-x86_64, r-patched-solaris-x86, r-release-linux-x86_64, r-release-windows-ix86+x86_64, r-release-osx-x86_64, r-oldrel-windows-ix86+x86_64, r-oldrel-osx-x86_64

Version: 1.2.4
Check: R code for possible problems
Result: NOTE
    dbEmpLikeGOF: no visible global function definition for 'runif'
    dbEmpLikeGOF: no visible global function definition for 'var'
    dbEmpLikeGOF: no visible global function definition for 'rnorm'
    emplikeGOFinternal: no visible global function definition for 'var'
    getCutoff: no visible binding for global variable 'unifCut'
    getCutoff: no visible binding for global variable 'normCut'
    getCutoff: no visible global function definition for 'lm'
    getCutoff: no visible binding for global variable 'distEqCut'
    getPval: no visible binding for global variable 'unifCut'
    getPval: no visible binding for global variable 'normCut'
    getPval: no visible global function definition for 'lm'
    getPval: no visible binding for global variable 'distEqCut'
    helperPval: no visible global function definition for 'lm'
    returnCutoff: no visible global function definition for 'quantile'
    testfun2: no visible global function definition for 'runif'
    testfun2: no visible global function definition for 'rnorm'
    Undefined global functions or variables:
     distEqCut lm normCut quantile rnorm runif unifCut var
    Consider adding
     importFrom("stats", "lm", "quantile", "rnorm", "runif", "var")
    to your NAMESPACE file.
Flavors: r-devel-linux-x86_64-debian-clang, r-devel-linux-x86_64-debian-gcc, r-devel-linux-x86_64-fedora-clang, r-devel-linux-x86_64-fedora-gcc, r-devel-windows-ix86+x86_64, r-devel-windows-ix86+x86_64-gcc8, r-patched-linux-x86_64, r-patched-solaris-x86, r-release-linux-x86_64, r-release-windows-ix86+x86_64, r-release-osx-x86_64, r-oldrel-windows-ix86+x86_64, r-oldrel-osx-x86_64