CRAN Package Check Results for Package datastructures

Last updated on 2023-01-30 22:57:06 CET.

Flavor Version Tinstall Tcheck Ttotal Status Flags
r-devel-linux-x86_64-debian-clang 0.2.9 170.01 157.70 327.71 WARN
r-devel-linux-x86_64-debian-gcc 0.2.9 183.08 116.13 299.21 WARN
r-devel-linux-x86_64-fedora-clang 0.2.9 445.43 WARN
r-devel-linux-x86_64-fedora-gcc 0.2.9 526.54 WARN
r-devel-windows-x86_64 0.2.9 257.00 236.00 493.00 NOTE
r-patched-linux-x86_64 0.2.9 184.60 152.66 337.26 OK
r-release-linux-x86_64 0.2.9 191.31 158.60 349.91 OK
r-release-macos-arm64 0.2.9 105.00 NOTE
r-release-macos-x86_64 0.2.9 147.00 NOTE
r-release-windows-x86_64 0.2.9 316.00 236.00 552.00 OK
r-oldrel-macos-arm64 0.2.9 118.00 NOTE
r-oldrel-macos-x86_64 0.2.9 245.00 NOTE
r-oldrel-windows-ix86+x86_64 0.2.9 410.00 265.00 675.00 NOTE

Check Details

Version: 0.2.9
Check: whether package can be installed
Result: WARN
    Found the following significant warnings:
     init.c:29:43: warning: a function declaration without a prototype is deprecated in all versions of C [-Wstrict-prototypes]
     init.c:30:45: warning: a function declaration without a prototype is deprecated in all versions of C [-Wstrict-prototypes]
     init.c:31:46: warning: a function declaration without a prototype is deprecated in all versions of C [-Wstrict-prototypes]
     init.c:33:51: warning: a function declaration without a prototype is deprecated in all versions of C [-Wstrict-prototypes]
     init.c:34:52: warning: a function declaration without a prototype is deprecated in all versions of C [-Wstrict-prototypes]
     init.c:36:43: warning: a function declaration without a prototype is deprecated in all versions of C [-Wstrict-prototypes]
     init.c:37:43: warning: a function declaration without a prototype is deprecated in all versions of C [-Wstrict-prototypes]
    See ‘/home/hornik/tmp/R.check/r-devel-clang/Work/PKGS/datastructures.Rcheck/00install.out’ for details.
    * used C compiler: ‘Debian clang version 15.0.6’
    * used C++ compiler: ‘Debian clang version 15.0.6’
Flavor: r-devel-linux-x86_64-debian-clang

Version: 0.2.9
Check: whether package can be installed
Result: WARN
    Found the following significant warnings:
     init.c:29:1: warning: function declaration isn’t a prototype [-Wstrict-prototypes]
     init.c:30:1: warning: function declaration isn’t a prototype [-Wstrict-prototypes]
     init.c:31:1: warning: function declaration isn’t a prototype [-Wstrict-prototypes]
     init.c:33:1: warning: function declaration isn’t a prototype [-Wstrict-prototypes]
     init.c:34:1: warning: function declaration isn’t a prototype [-Wstrict-prototypes]
     init.c:36:1: warning: function declaration isn’t a prototype [-Wstrict-prototypes]
     init.c:37:1: warning: function declaration isn’t a prototype [-Wstrict-prototypes]
    See ‘/home/hornik/tmp/R.check/r-devel-gcc/Work/PKGS/datastructures.Rcheck/00install.out’ for details.
    * used C compiler: ‘gcc-12 (Debian 12.2.0-14) 12.2.0’
    * used C++ compiler: ‘g++-12 (Debian 12.2.0-14) 12.2.0’
Flavor: r-devel-linux-x86_64-debian-gcc

Version: 0.2.9
Check: C++ specification
Result: NOTE
     Specified C++11: please update to current default of C++17
Flavors: r-devel-linux-x86_64-debian-gcc, r-devel-linux-x86_64-fedora-clang, r-devel-linux-x86_64-fedora-gcc, r-devel-windows-x86_64

Version: 0.2.9
Check: whether package can be installed
Result: WARN
    Found the following significant warnings:
     init.c:29:43: warning: a function declaration without a prototype is deprecated in all versions of C [-Wstrict-prototypes]
     init.c:30:45: warning: a function declaration without a prototype is deprecated in all versions of C [-Wstrict-prototypes]
     init.c:31:46: warning: a function declaration without a prototype is deprecated in all versions of C [-Wstrict-prototypes]
     init.c:33:51: warning: a function declaration without a prototype is deprecated in all versions of C [-Wstrict-prototypes]
     init.c:34:52: warning: a function declaration without a prototype is deprecated in all versions of C [-Wstrict-prototypes]
     init.c:36:43: warning: a function declaration without a prototype is deprecated in all versions of C [-Wstrict-prototypes]
     init.c:37:43: warning: a function declaration without a prototype is deprecated in all versions of C [-Wstrict-prototypes]
    See ‘/data/gannet/ripley/R/packages/tests-clang/datastructures.Rcheck/00install.out’ for details.
    * used C compiler: ‘clang version 15.0.7’
    * used C++ compiler: ‘clang version 15.0.7’
Flavor: r-devel-linux-x86_64-fedora-clang

Version: 0.2.9
Check: top-level files
Result: NOTE
    ‘cleanup’: ‘env bash’ is not portable as bash need not be installed
Flavors: r-devel-linux-x86_64-fedora-clang, r-devel-linux-x86_64-fedora-gcc

Version: 0.2.9
Check: whether package can be installed
Result: WARN
    Found the following significant warnings:
     init.c:29:1: warning: function declaration isn’t a prototype [-Wstrict-prototypes]
     init.c:30:1: warning: function declaration isn’t a prototype [-Wstrict-prototypes]
     init.c:31:1: warning: function declaration isn’t a prototype [-Wstrict-prototypes]
     init.c:33:1: warning: function declaration isn’t a prototype [-Wstrict-prototypes]
     init.c:34:1: warning: function declaration isn’t a prototype [-Wstrict-prototypes]
     init.c:36:1: warning: function declaration isn’t a prototype [-Wstrict-prototypes]
     init.c:37:1: warning: function declaration isn’t a prototype [-Wstrict-prototypes]
    See ‘/data/gannet/ripley/R/packages/tests-devel/datastructures.Rcheck/00install.out’ for details.
    * used C compiler: ‘gcc (GCC) 12.2.1 20221121 (Red Hat 12.2.1-4)’
    * used C++ compiler: ‘g++ (GCC) 12.2.1 20221121 (Red Hat 12.2.1-4)’
Flavor: r-devel-linux-x86_64-fedora-gcc

Version: 0.2.9
Check: installed package size
Result: NOTE
     installed size is 56.3Mb
     sub-directories of 1Mb or more:
     libs 55.4Mb
Flavors: r-release-macos-arm64, r-release-macos-x86_64, r-oldrel-macos-arm64, r-oldrel-macos-x86_64, r-oldrel-windows-ix86+x86_64