CRAN Package Check Results for Package datastepr

Last updated on 2024-07-21 22:48:42 CEST.

Flavor Version Tinstall Tcheck Ttotal Status Flags
r-devel-linux-x86_64-debian-clang 0.0.2 2.68 30.69 33.37 OK
r-devel-linux-x86_64-debian-gcc 0.0.2 2.34 23.88 26.22 NOTE
r-devel-linux-x86_64-fedora-clang 0.0.2 43.88 OK
r-devel-linux-x86_64-fedora-gcc 0.0.2 53.64 OK
r-devel-windows-x86_64 0.0.2 5.00 54.00 59.00 NOTE
r-patched-linux-x86_64 0.0.2 6.41 29.72 36.13 OK
r-release-linux-x86_64 0.0.2 2.55 29.54 32.09 OK
r-release-macos-arm64 0.0.2 25.00 OK
r-release-macos-x86_64 0.0.2 35.00 OK
r-release-windows-x86_64 0.0.2 4.00 45.00 49.00 OK
r-oldrel-macos-arm64 0.0.2 25.00 OK
r-oldrel-macos-x86_64 0.0.2 33.00 OK
r-oldrel-windows-x86_64 0.0.2 4.00 47.00 51.00 OK

Check Details

Version: 0.0.2
Check: Rd cross-references
Result: NOTE Found the following Rd file(s) with Rd \link{} targets missing package anchors: dataStepClass.Rd: R6Class Please provide package anchors for all Rd \link{} targets not in the package itself and the base packages. Flavors: r-devel-linux-x86_64-debian-gcc, r-devel-windows-x86_64