CRAN Package Check Results for Package dataone

Last updated on 2019-06-24 15:48:07 CEST.

Flavor Version Tinstall Tcheck Ttotal Status Flags
r-devel-linux-x86_64-debian-clang 2.1.2 11.20 128.87 140.07 ERROR
r-devel-linux-x86_64-debian-gcc 2.1.2 9.04 101.04 110.08 OK
r-devel-linux-x86_64-fedora-clang 2.1.2 158.29 OK
r-devel-linux-x86_64-fedora-gcc 2.1.2 154.92 OK
r-devel-windows-ix86+x86_64 2.1.2 35.00 195.00 230.00 OK
r-patched-linux-x86_64 2.1.2 11.65 125.88 137.53 OK
r-patched-solaris-x86 2.1.2 194.10 OK
r-release-linux-x86_64 2.1.2 11.33 126.67 138.00 OK
r-release-windows-ix86+x86_64 2.1.2 22.00 308.00 330.00 OK
r-release-osx-x86_64 2.1.2 OK
r-oldrel-windows-ix86+x86_64 2.1.2 16.00 179.00 195.00 OK
r-oldrel-osx-x86_64 2.1.2 OK

Check Details

Version: 2.1.2
Check: tests
Result: ERROR
     Running 'testthat.R' [33s/75s]
    Running the tests in 'tests/testthat.R' failed.
    Complete output:
     > library(testthat)
     > test_check("dataone")
     Loading required package: dataone
     -- 1. Error: CNode resolve() (@test.CNode.R#81) -------------------------------
     is.character(act$val) is not TRUE
     1: expect_match(res$id, id) at testthat/test.CNode.R:81
     2: stopifnot(is.character(act$val))
    
     == testthat results ===========================================================
     OK: 184 SKIPPED: 39 WARNINGS: 18 FAILED: 1
     1. Error: CNode resolve() (@test.CNode.R#81)
    
     Error: testthat unit tests failed
     Execution halted
Flavor: r-devel-linux-x86_64-debian-clang