CRAN Package Check Results for Package datamaps

Last updated on 2019-02-20 13:46:22 CET.

Flavor Version Tinstall Tcheck Ttotal Status Flags
r-devel-linux-x86_64-debian-clang 0.0.3 2.37 30.20 32.57 OK
r-devel-linux-x86_64-debian-gcc 0.0.3 1.96 24.25 26.21 OK
r-devel-linux-x86_64-fedora-clang 0.0.3 39.66 OK
r-devel-linux-x86_64-fedora-gcc 0.0.3 36.40 OK
r-devel-windows-ix86+x86_64 0.0.3 7.00 71.00 78.00 OK
r-patched-linux-x86_64 0.0.3 OK
r-patched-solaris-x86 0.0.3 52.60 WARN
r-release-linux-x86_64 0.0.3 OK
r-release-windows-ix86+x86_64 0.0.3 5.00 68.00 73.00 OK
r-release-osx-x86_64 0.0.3 WARN
r-oldrel-windows-ix86+x86_64 0.0.3 7.00 51.00 58.00 OK
r-oldrel-osx-x86_64 0.0.3 WARN

Check Details

Version: 0.0.3
Check: re-building of vignette outputs
Result: WARN
    Error in re-building vignettes:
     ...
    Warning in engine$weave(file, quiet = quiet, encoding = enc) :
     Pandoc (>= 1.12.3) and/or pandoc-citeproc not available. Falling back to R Markdown v1.
    Quitting from lines 26-34 (get_started.Rmd)
    Error: processing vignette 'get_started.Rmd' failed with diagnostics:
    there is no package called 'webshot'
    Execution halted
Flavor: r-patched-solaris-x86

Version: 0.0.3
Check: re-building of vignette outputs
Result: WARN
    Error in re-building vignettes:
     ...
    Warning in engine$weave(file, quiet = quiet, encoding = enc) :
     Pandoc (>= 1.12.3) and/or pandoc-citeproc not available. Falling back to R Markdown v1.
    Quitting from lines 26-34 (get_started.Rmd)
    Error: processing vignette 'get_started.Rmd' failed with diagnostics:
    cannot open the connection
    Execution halted
Flavors: r-release-osx-x86_64, r-oldrel-osx-x86_64