CRAN Package Check Results for Package datamaps

Last updated on 2019-06-25 12:46:27 CEST.

Flavor Version Tinstall Tcheck Ttotal Status Flags
r-devel-linux-x86_64-debian-clang 0.0.3 2.77 29.71 32.48 OK
r-devel-linux-x86_64-debian-gcc 0.0.3 2.24 24.13 26.37 OK
r-devel-linux-x86_64-fedora-clang 0.0.3 38.92 OK
r-devel-linux-x86_64-fedora-gcc 0.0.3 37.65 OK
r-devel-windows-ix86+x86_64 0.0.3 12.00 51.00 63.00 OK
r-patched-linux-x86_64 0.0.3 2.93 29.24 32.17 OK
r-patched-solaris-x86 0.0.3 58.90 WARN
r-release-linux-x86_64 0.0.3 2.52 29.74 32.26 OK
r-release-windows-ix86+x86_64 0.0.3 8.00 73.00 81.00 OK
r-release-osx-x86_64 0.0.3 WARN
r-oldrel-windows-ix86+x86_64 0.0.3 5.00 50.00 55.00 OK
r-oldrel-osx-x86_64 0.0.3 WARN

Check Details

Version: 0.0.3
Check: re-building of vignette outputs
Result: WARN
    Error(s) in re-building vignettes:
     ...
    --- re-building ‘get_started.Rmd’ using rmarkdown
    Warning in engine$weave(file, quiet = quiet, encoding = enc) :
     Pandoc (>= 1.12.3) and/or pandoc-citeproc not available. Falling back to R Markdown v1.
    Quitting from lines 26-34 (get_started.Rmd)
    Error: processing vignette 'get_started.Rmd' failed with diagnostics:
    there is no package called 'webshot'
    --- failed re-building ‘get_started.Rmd’
    
    SUMMARY: processing the following file failed:
     ‘get_started.Rmd’
    
    Error: Vignette re-building failed.
    Execution halted
Flavor: r-patched-solaris-x86

Version: 0.0.3
Check: re-building of vignette outputs
Result: WARN
    Error(s) in re-building vignettes:
     ...
    --- re-building ‘get_started.Rmd’ using rmarkdown
    Warning in engine$weave(file, quiet = quiet, encoding = enc) :
     Pandoc (>= 1.12.3) and/or pandoc-citeproc not available. Falling back to R Markdown v1.
    Quitting from lines 26-34 (get_started.Rmd)
    Error: processing vignette 'get_started.Rmd' failed with diagnostics:
    cannot open the connection
    --- failed re-building ‘get_started.Rmd’
    
    SUMMARY: processing the following file failed:
     ‘get_started.Rmd’
    
    Error: Vignette re-building failed.
    Execution halted
Flavor: r-release-osx-x86_64

Version: 0.0.3
Check: re-building of vignette outputs
Result: WARN
    Error in re-building vignettes:
     ...
    Warning in engine$weave(file, quiet = quiet, encoding = enc) :
     Pandoc (>= 1.12.3) and/or pandoc-citeproc not available. Falling back to R Markdown v1.
    Quitting from lines 26-34 (get_started.Rmd)
    Error: processing vignette 'get_started.Rmd' failed with diagnostics:
    cannot open the connection
    Execution halted
Flavor: r-oldrel-osx-x86_64