CRAN Package Check Results for Package dashboard

Last updated on 2019-04-20 15:51:55 CEST.

Flavor Version Tinstall Tcheck Ttotal Status Flags
r-devel-linux-x86_64-debian-clang 0.1.0 2.10 18.49 20.59 NOTE
r-devel-linux-x86_64-debian-gcc 0.1.0 2.32 18.61 20.93 NOTE
r-devel-linux-x86_64-fedora-clang 0.1.0 24.63 NOTE
r-devel-linux-x86_64-fedora-gcc 0.1.0 23.50 NOTE
r-devel-windows-ix86+x86_64 0.1.0 5.00 33.00 38.00 NOTE
r-patched-linux-x86_64 0.1.0 1.99 18.74 20.73 NOTE
r-patched-solaris-x86 0.1.0 37.90 NOTE
r-release-linux-x86_64 0.1.0 1.00 17.75 18.75 NOTE
r-release-windows-ix86+x86_64 0.1.0 3.00 28.00 31.00 NOTE
r-release-osx-x86_64 0.1.0 NOTE
r-oldrel-windows-ix86+x86_64 0.1.0 2.00 38.00 40.00 NOTE
r-oldrel-osx-x86_64 0.1.0 NOTE

Check Details

Version: 0.1.0
Check: R code for possible problems
Result: NOTE
    dashboard_open: no visible global function definition for 'write.csv'
    dashboard_open: no visible global function definition for
     'capture.output'
    dctable: no visible global function definition for 'capture.output'
    Undefined global functions or variables:
     capture.output write.csv
    Consider adding
     importFrom("utils", "capture.output", "write.csv")
    to your NAMESPACE file.
Flavors: r-devel-linux-x86_64-debian-clang, r-devel-linux-x86_64-debian-gcc, r-devel-linux-x86_64-fedora-clang, r-devel-linux-x86_64-fedora-gcc, r-devel-windows-ix86+x86_64, r-patched-linux-x86_64, r-patched-solaris-x86, r-release-linux-x86_64, r-release-windows-ix86+x86_64, r-release-osx-x86_64, r-oldrel-windows-ix86+x86_64, r-oldrel-osx-x86_64