CRAN Package Check Results for Package dashboard

Last updated on 2020-04-01 12:47:15 CEST.

Flavor Version Tinstall Tcheck Ttotal Status Flags
r-devel-linux-x86_64-debian-clang 0.1.0 2.33 19.78 22.11 NOTE
r-devel-linux-x86_64-debian-gcc 0.1.0 1.65 15.97 17.62 NOTE
r-devel-linux-x86_64-fedora-clang 0.1.0 27.33 NOTE
r-devel-linux-x86_64-fedora-gcc 0.1.0 26.84 NOTE
r-devel-windows-ix86+x86_64 0.1.0 5.00 47.00 52.00 NOTE
r-devel-windows-ix86+x86_64-gcc8 0.1.0 5.00 34.00 39.00 NOTE
r-patched-linux-x86_64 0.1.0 2.46 19.62 22.08 NOTE
r-patched-solaris-x86 0.1.0 43.70 NOTE
r-release-linux-x86_64 0.1.0 1.91 18.23 20.14 NOTE
r-release-windows-ix86+x86_64 0.1.0 4.00 51.00 55.00 NOTE
r-release-osx-x86_64 0.1.0 NOTE
r-oldrel-windows-ix86+x86_64 0.1.0 3.00 28.00 31.00 NOTE
r-oldrel-osx-x86_64 0.1.0 NOTE

Check Details

Version: 0.1.0
Check: R code for possible problems
Result: NOTE
    dashboard_open: no visible global function definition for 'write.csv'
    dashboard_open: no visible global function definition for
     'capture.output'
    dctable: no visible global function definition for 'capture.output'
    Undefined global functions or variables:
     capture.output write.csv
    Consider adding
     importFrom("utils", "capture.output", "write.csv")
    to your NAMESPACE file.
Flavors: r-devel-linux-x86_64-debian-clang, r-devel-linux-x86_64-debian-gcc, r-devel-linux-x86_64-fedora-clang, r-devel-linux-x86_64-fedora-gcc, r-devel-windows-ix86+x86_64, r-devel-windows-ix86+x86_64-gcc8, r-patched-linux-x86_64, r-patched-solaris-x86, r-release-linux-x86_64, r-release-windows-ix86+x86_64, r-release-osx-x86_64, r-oldrel-windows-ix86+x86_64, r-oldrel-osx-x86_64