CRAN Package Check Results for Package dashboard

Last updated on 2019-06-24 12:46:54 CEST.

Flavor Version Tinstall Tcheck Ttotal Status Flags
r-devel-linux-x86_64-debian-clang 0.1.0 1.78 18.66 20.44 NOTE
r-devel-linux-x86_64-debian-gcc 0.1.0 1.57 15.12 16.69 NOTE
r-devel-linux-x86_64-fedora-clang 0.1.0 24.76 NOTE
r-devel-linux-x86_64-fedora-gcc 0.1.0 23.77 NOTE
r-devel-windows-ix86+x86_64 0.1.0 7.00 33.00 40.00 NOTE
r-patched-linux-x86_64 0.1.0 2.03 18.50 20.53 NOTE
r-patched-solaris-x86 0.1.0 39.80 NOTE
r-release-linux-x86_64 0.1.0 2.16 18.77 20.93 NOTE
r-release-windows-ix86+x86_64 0.1.0 4.00 51.00 55.00 NOTE
r-release-osx-x86_64 0.1.0 NOTE
r-oldrel-windows-ix86+x86_64 0.1.0 3.00 28.00 31.00 NOTE
r-oldrel-osx-x86_64 0.1.0 NOTE

Check Details

Version: 0.1.0
Check: R code for possible problems
Result: NOTE
    dashboard_open: no visible global function definition for 'write.csv'
    dashboard_open: no visible global function definition for
     'capture.output'
    dctable: no visible global function definition for 'capture.output'
    Undefined global functions or variables:
     capture.output write.csv
    Consider adding
     importFrom("utils", "capture.output", "write.csv")
    to your NAMESPACE file.
Flavors: r-devel-linux-x86_64-debian-clang, r-devel-linux-x86_64-debian-gcc, r-devel-linux-x86_64-fedora-clang, r-devel-linux-x86_64-fedora-gcc, r-devel-windows-ix86+x86_64, r-patched-linux-x86_64, r-patched-solaris-x86, r-release-linux-x86_64, r-release-windows-ix86+x86_64, r-release-osx-x86_64, r-oldrel-windows-ix86+x86_64, r-oldrel-osx-x86_64