CRAN Package Check Results for Package dagR

Last updated on 2019-04-25 10:48:58 CEST.

Flavor Version Tinstall Tcheck Ttotal Status Flags
r-devel-linux-x86_64-debian-clang 1.1.3 3.32 39.76 43.08 NOTE
r-devel-linux-x86_64-debian-gcc 1.1.3 2.63 32.32 34.95 NOTE
r-devel-linux-x86_64-fedora-clang 1.1.3 50.91 NOTE
r-devel-linux-x86_64-fedora-gcc 1.1.3 48.24 NOTE
r-devel-windows-ix86+x86_64 1.1.3 8.00 40.00 48.00 NOTE
r-patched-linux-x86_64 1.1.3 3.34 39.20 42.54 NOTE
r-patched-solaris-x86 1.1.3 51.40 NOTE
r-release-linux-x86_64 1.1.3 2.75 37.98 40.73 NOTE
r-release-windows-ix86+x86_64 1.1.3 5.00 35.00 40.00 NOTE
r-release-osx-x86_64 1.1.3 NOTE
r-oldrel-windows-ix86+x86_64 1.1.3 3.00 49.00 52.00 NOTE
r-oldrel-osx-x86_64 1.1.3 NOTE

Check Details

Version: 1.1.3
Check: R code for possible problems
Result: NOTE
    allCombs: no visible global function definition for 'combn'
    brute.search: no visible global function definition for 'na.omit'
    dag.draw: no visible global function definition for 'plot'
    dag.draw: no visible global function definition for 'text'
    dag.init: no visible global function definition for
     'installed.packages'
    dag.legend: no visible global function definition for 'text'
    dag.letter: no visible global function definition for 'text'
    dag.move: no visible global function definition for 'identify'
    dag.move: no visible global function definition for 'locator'
    dag.sim: no visible global function definition for 'rnorm'
    dag.sim: no visible global function definition for 'rbinom'
    dag.sim : <anonymous>: no visible global function definition for
     'rbinom'
    garrows: no visible global function definition for 'arrows'
    smoothArc: no visible global function definition for 'points'
    summary_dagRdag: no visible global function definition for 'na.omit'
    viv: no visible global function definition for 'na.omit'
    write.paths: no visible global function definition for 'text'
    Undefined global functions or variables:
     arrows combn identify installed.packages locator na.omit plot points
     rbinom rnorm text
    Consider adding
     importFrom("graphics", "arrows", "identify", "locator", "plot",
     "points", "text")
     importFrom("stats", "na.omit", "rbinom", "rnorm")
     importFrom("utils", "combn", "installed.packages")
    to your NAMESPACE file.
Flavors: r-devel-linux-x86_64-debian-clang, r-devel-linux-x86_64-debian-gcc, r-devel-linux-x86_64-fedora-clang, r-devel-linux-x86_64-fedora-gcc, r-devel-windows-ix86+x86_64, r-patched-linux-x86_64, r-patched-solaris-x86, r-release-linux-x86_64, r-release-windows-ix86+x86_64, r-release-osx-x86_64, r-oldrel-windows-ix86+x86_64, r-oldrel-osx-x86_64