CRAN Package Check Results for Package dad

Last updated on 2019-12-06 06:50:17 CET.

Flavor Version Tinstall Tcheck Ttotal Status Flags
r-devel-linux-x86_64-debian-clang 3.3.0 17.64 145.18 162.82 OK
r-devel-linux-x86_64-debian-gcc 3.3.0 14.84 107.97 122.81 OK
r-devel-linux-x86_64-fedora-clang 3.3.0 190.65 NOTE
r-devel-linux-x86_64-fedora-gcc 3.3.0 187.87 NOTE
r-devel-windows-ix86+x86_64 3.3.0 29.00 227.00 256.00 OK
r-devel-windows-ix86+x86_64-gcc8 3.3.0 30.00 163.00 193.00 OK
r-patched-linux-x86_64 3.3.0 14.06 129.27 143.33 OK
r-patched-solaris-x86 3.3.0 230.70 NOTE
r-release-linux-x86_64 3.3.0 15.99 129.26 145.25 OK
r-release-windows-ix86+x86_64 3.3.0 34.00 151.00 185.00 OK
r-release-osx-x86_64 3.3.0 NOTE
r-oldrel-windows-ix86+x86_64 3.3.0 17.00 187.00 204.00 OK
r-oldrel-osx-x86_64 3.3.0 NOTE

Check Details

Version: 3.3.0
Check: data for non-ASCII characters
Result: NOTE
     Note: found 4 marked Latin-1 strings
     Note: found 21 marked UTF-8 strings
Flavors: r-devel-linux-x86_64-fedora-clang, r-devel-linux-x86_64-fedora-gcc, r-patched-solaris-x86, r-release-osx-x86_64, r-oldrel-osx-x86_64