CRAN Package Check Results for Package dad

Last updated on 2019-07-24 09:50:20 CEST.

Flavor Version Tinstall Tcheck Ttotal Status Flags
r-devel-linux-x86_64-debian-clang 3.3.0 16.06 132.34 148.40 OK
r-devel-linux-x86_64-debian-gcc 3.3.0 13.83 105.41 119.24 OK
r-devel-linux-x86_64-fedora-clang 3.3.0 170.04 NOTE
r-devel-linux-x86_64-fedora-gcc 3.3.0 169.22 NOTE
r-devel-windows-ix86+x86_64 3.3.0 28.00 203.00 231.00 OK
r-patched-linux-x86_64 3.3.0 14.11 130.51 144.62 OK
r-patched-solaris-x86 3.3.0 239.90 NOTE
r-release-linux-x86_64 3.3.0 15.94 130.43 146.37 OK
r-release-windows-ix86+x86_64 3.3.0 27.00 213.00 240.00 OK
r-release-osx-x86_64 3.3.0 NOTE
r-oldrel-windows-ix86+x86_64 3.3.0 29.00 132.00 161.00 OK
r-oldrel-osx-x86_64 3.3.0 NOTE

Check Details

Version: 3.3.0
Check: data for non-ASCII characters
Result: NOTE
     Note: found 4 marked Latin-1 strings
     Note: found 21 marked UTF-8 strings
Flavors: r-devel-linux-x86_64-fedora-clang, r-devel-linux-x86_64-fedora-gcc, r-patched-solaris-x86, r-release-osx-x86_64, r-oldrel-osx-x86_64