CRAN Package Check Results for Package dTBM

Last updated on 2022-11-26 22:03:51 CET.

Flavor Version Tinstall Tcheck Ttotal Status Flags
r-devel-linux-x86_64-debian-clang 2.0 10.72 87.39 98.11 OK
r-devel-linux-x86_64-debian-gcc 2.0 8.02 67.44 75.46 OK
r-devel-linux-x86_64-fedora-clang 2.0 133.26 NOTE
r-devel-linux-x86_64-fedora-gcc 2.0 149.91 NOTE
r-devel-windows-x86_64 2.0 19.00 111.00 130.00 OK
r-patched-linux-x86_64 2.0 OK
r-release-linux-x86_64 2.0 10.17 83.51 93.68 OK
r-release-macos-arm64 2.0 49.00 NOTE
r-release-macos-x86_64 2.0 87.00 NOTE
r-release-windows-x86_64 2.0 14.00 113.00 127.00 OK
r-oldrel-macos-arm64 2.0 48.00 NOTE
r-oldrel-macos-x86_64 2.0 66.00 NOTE
r-oldrel-windows-ix86+x86_64 2.0 23.00 109.00 132.00 OK

Check Details

Version: 2.0
Check: data for non-ASCII characters
Result: NOTE
     Note: found 281 marked UTF-8 strings
Flavors: r-devel-linux-x86_64-fedora-clang, r-devel-linux-x86_64-fedora-gcc, r-release-macos-arm64, r-release-macos-x86_64, r-oldrel-macos-arm64, r-oldrel-macos-x86_64