CRAN Package Check Results for Package dSVA

Last updated on 2020-04-05 05:47:10 CEST.

Flavor Version Tinstall Tcheck Ttotal Status Flags
r-devel-linux-x86_64-debian-clang 1.0 19.49 186.46 205.95 OK
r-devel-linux-x86_64-debian-gcc 1.0 18.62 142.30 160.92 OK
r-devel-linux-x86_64-fedora-clang 1.0 245.80 OK
r-devel-linux-x86_64-fedora-gcc 1.0 256.30 OK
r-devel-windows-ix86+x86_64 1.0 4.00 7.00 11.00 ERROR
r-devel-windows-ix86+x86_64-gcc8 1.0 4.00 6.00 10.00 ERROR
r-patched-linux-x86_64 1.0 20.59 177.35 197.94 OK
r-patched-solaris-x86 1.0 397.00 OK
r-release-linux-x86_64 1.0 17.11 155.62 172.73 OK
r-release-windows-ix86+x86_64 1.0 30.00 218.00 248.00 OK
r-release-osx-x86_64 1.0 OK
r-oldrel-windows-ix86+x86_64 1.0 18.00 149.00 167.00 OK
r-oldrel-osx-x86_64 1.0 OK

Check Details

Version: 1.0
Check: whether package can be installed
Result: ERROR
    Installation failed.
Flavors: r-devel-windows-ix86+x86_64, r-devel-windows-ix86+x86_64-gcc8