CRAN Package Check Results for Package dGAselID

Last updated on 2020-04-05 05:47:09 CEST.

Flavor Version Tinstall Tcheck Ttotal Status Flags
r-devel-linux-x86_64-debian-clang 1.2 20.58 168.16 188.74 OK
r-devel-linux-x86_64-debian-gcc 1.2 20.76 130.47 151.23 OK
r-devel-linux-x86_64-fedora-clang 1.2 224.50 OK
r-devel-linux-x86_64-fedora-gcc 1.2 230.59 OK
r-devel-windows-ix86+x86_64 1.2 3.00 7.00 10.00 ERROR
r-devel-windows-ix86+x86_64-gcc8 1.2 3.00 6.00 9.00 ERROR
r-patched-linux-x86_64 1.2 23.28 161.70 184.98 OK
r-patched-solaris-x86 1.2 349.10 OK
r-release-linux-x86_64 1.2 24.89 190.39 215.28 OK
r-release-windows-ix86+x86_64 1.2 51.00 207.00 258.00 OK
r-release-osx-x86_64 1.2 ERROR
r-oldrel-windows-ix86+x86_64 1.2 32.00 177.00 209.00 OK
r-oldrel-osx-x86_64 1.2 OK

Check Details

Version: 1.2
Check: whether package can be installed
Result: ERROR
    Installation failed.
Flavors: r-devel-windows-ix86+x86_64, r-devel-windows-ix86+x86_64-gcc8

Version: 1.2
Check: package dependencies
Result: ERROR
    Package required but not available: ‘ALL’
    
    See section ‘The DESCRIPTION file’ in the ‘Writing R Extensions’
    manual.
Flavor: r-release-osx-x86_64