CRAN Package Check Results for Package d3r

Last updated on 2020-08-12 22:48:13 CEST.

Flavor Version Tinstall Tcheck Ttotal Status Flags
r-devel-linux-x86_64-debian-clang 0.9.0 0.49 2.20 2.69 ERROR
r-devel-linux-x86_64-debian-gcc 0.9.0 2.04 23.32 25.36 OK
r-devel-linux-x86_64-fedora-clang 0.9.0 47.61 OK
r-devel-linux-x86_64-fedora-gcc 0.9.0 38.41 OK
r-devel-windows-ix86+x86_64 0.9.0 7.00 61.00 68.00 ERROR
r-patched-linux-x86_64 0.9.0 2.76 29.25 32.01 OK
r-patched-solaris-x86 0.9.0 62.60 OK
r-release-linux-x86_64 0.9.0 0.56 2.39 2.95 ERROR
r-release-macos-x86_64 0.9.0 OK
r-release-windows-ix86+x86_64 0.9.0 10.00 59.00 69.00 WARN
r-oldrel-macos-x86_64 0.9.0 OK
r-oldrel-windows-ix86+x86_64 0.9.0 5.00 41.00 46.00 OK

Check Details

Version: 0.9.0
Check: package dependencies
Result: ERROR
    Package required but not available: 'tidyr'
    
    See section 'The DESCRIPTION file' in the 'Writing R Extensions'
    manual.
Flavors: r-devel-linux-x86_64-debian-clang, r-release-linux-x86_64

Version: 0.9.0
Check: tests
Result: ERROR
     Running 'testthat.R' [3s]
    Running the tests in 'tests/testthat.R' failed.
    Complete output:
     > library(testthat)
     > library(d3r)
     >
     > test_check("d3r")
     -- 1. Failure: d3_dep-* src href is a valid url (@test_deps.R#31) -------------
     is_valid_url(file.path(jetpack_offline$src$href, jetpack$script)) isn't true.
    
     == testthat results ===========================================================
     [ OK: 13 | SKIPPED: 6 | WARNINGS: 0 | FAILED: 1 ]
     1. Failure: d3_dep-* src href is a valid url (@test_deps.R#31)
    
     Error: testthat unit tests failed
     Execution halted
Flavor: r-devel-windows-ix86+x86_64

Version: 0.9.0
Check: for unstated dependencies in ‘tests’
Result: WARN
    Warning: unable to access index for repository https://CRAN.R-project.org/src/contrib:
     cannot open URL 'https://CRAN.R-project.org/src/contrib/PACKAGES'
Flavor: r-release-windows-ix86+x86_64