CRAN Package Check Results for Package czechrates

Last updated on 2020-08-03 21:48:38 CEST.

Flavor Version Tinstall Tcheck Ttotal Status Flags
r-devel-linux-x86_64-debian-clang 0.1.8 2.20 31.83 34.03 WARN
r-devel-linux-x86_64-debian-gcc 0.1.8 1.68 24.53 26.21 OK
r-devel-linux-x86_64-fedora-clang 0.1.8 48.81 OK
r-devel-linux-x86_64-fedora-gcc 0.1.8 40.15 OK
r-devel-windows-ix86+x86_64 0.1.8 11.00 44.00 55.00 OK
r-patched-linux-x86_64 0.1.8 1.94 31.82 33.76 OK
r-patched-solaris-x86 0.1.8 60.30 OK
r-release-linux-x86_64 0.1.8 2.11 31.26 33.37 OK
r-release-macos-x86_64 0.1.8 OK
r-release-windows-ix86+x86_64 0.1.8 11.00 46.00 57.00 OK
r-oldrel-macos-x86_64 0.1.8 OK
r-oldrel-windows-ix86+x86_64 0.1.8 5.00 39.00 44.00 OK

Check Details

Version: 0.1.8
Check: whether package can be installed
Result: WARN
    Found the following significant warnings:
     Warning: unable to re-encode 'pribor.R' line 36
     Warning: unable to re-encode 'repo2w.R' line 26
Flavor: r-devel-linux-x86_64-debian-clang