CRAN Package Check Results for Package cyphr

Last updated on 2019-05-22 22:52:30 CEST.

Flavor Version Tinstall Tcheck Ttotal Status Flags
r-devel-linux-x86_64-debian-clang 1.0.1 2.85 40.70 43.55 OK
r-devel-linux-x86_64-debian-gcc 1.0.1 2.30 32.25 34.55 OK
r-devel-linux-x86_64-fedora-clang 1.0.1 51.00 OK
r-devel-linux-x86_64-fedora-gcc 1.0.1 48.57 OK
r-devel-windows-ix86+x86_64 1.0.1 5.00 58.00 63.00 OK
r-patched-linux-x86_64 1.0.1 2.57 40.61 43.18 OK
r-patched-solaris-x86 1.0.1 73.90 OK
r-release-linux-x86_64 1.0.1 2.64 39.71 42.35 OK
r-release-windows-ix86+x86_64 1.0.1 6.00 60.00 66.00 OK
r-release-osx-x86_64 1.0.1 ERROR
r-oldrel-windows-ix86+x86_64 1.0.1 4.00 41.00 45.00 OK
r-oldrel-osx-x86_64 1.0.1 OK

Check Details

Version: 1.0.1
Check: tests
Result: ERROR
     Running ‘testthat.R’ [30s/63s]
    Running the tests in ‘tests/testthat.R’ failed.
    Last 13 lines of output:
     2: quasi_label(enquo(object), label)
     3: eval_bare(get_expr(quo), get_env(quo))
     4: with_connection(con, decrypt(readRDS(con2), x))
     5: close(con)
     6: close.connection(con)
    
     ══ testthat results ═══════════════════════════════════════════════════════════
     OK: 272 SKIPPED: 2 FAILED: 1
     1. Error: non-file arguments (@test-encrypt-wrapper.R#71)
    
     Error: testthat unit tests failed
     In addition: Warning message:
     In as.character(md$Built$R) :
     closing unused connection 3 (/var/folders/xn/m8dzdsgs7sg8q7jgflnqm8w80000gn/T//Rtmp8NbBae/file30d93392aefd)
     Execution halted
Flavor: r-release-osx-x86_64