CRAN Package Check Results for Package cvmgof

Last updated on 2019-02-23 18:52:35 CET.

Flavor Version Tinstall Tcheck Ttotal Status Flags
r-devel-linux-x86_64-debian-clang 1.0.0 2.07 42.74 44.81 OK
r-devel-linux-x86_64-debian-gcc 1.0.0 1.67 30.39 32.06 OK
r-devel-linux-x86_64-fedora-clang 1.0.0 52.32 NOTE
r-devel-linux-x86_64-fedora-gcc 1.0.0 48.58 NOTE
r-devel-windows-ix86+x86_64 1.0.0 6.00 68.00 74.00 OK
r-patched-linux-x86_64 1.0.0 1.49 38.81 40.30 OK
r-patched-solaris-x86 1.0.0 78.40 NOTE
r-release-linux-x86_64 1.0.0 1.30 38.49 39.79 OK
r-release-windows-ix86+x86_64 1.0.0 6.00 65.00 71.00 OK
r-release-osx-x86_64 1.0.0 NOTE
r-oldrel-windows-ix86+x86_64 1.0.0 3.00 79.00 82.00 OK
r-oldrel-osx-x86_64 1.0.0 NOTE

Check Details

Version: 1.0.0
Check: dependencies in R code
Result: NOTE
    Namespace in Imports field not imported from: ‘lattice’
     All declared Imports should be used.
Flavors: r-devel-linux-x86_64-fedora-clang, r-devel-linux-x86_64-fedora-gcc, r-patched-solaris-x86, r-release-osx-x86_64, r-oldrel-osx-x86_64