CRAN Package Check Results for Package cvmgof

Last updated on 2019-08-19 20:46:12 CEST.

Flavor Version Tinstall Tcheck Ttotal Status Flags
r-devel-linux-x86_64-debian-clang 1.0.0 2.55 41.88 44.43 OK
r-devel-linux-x86_64-debian-gcc 1.0.0 2.24 30.44 32.68 OK
r-devel-linux-x86_64-fedora-clang 1.0.0 54.31 NOTE
r-devel-linux-x86_64-fedora-gcc 1.0.0 50.74 NOTE
r-devel-windows-ix86+x86_64 1.0.0 7.00 66.00 73.00 OK
r-patched-linux-x86_64 1.0.0 1.96 41.11 43.07 OK
r-patched-solaris-x86 1.0.0 81.70 NOTE
r-release-linux-x86_64 1.0.0 2.50 39.43 41.93 OK
r-release-windows-ix86+x86_64 1.0.0 4.00 44.00 48.00 OK
r-release-osx-x86_64 1.0.0 NOTE
r-oldrel-windows-ix86+x86_64 1.0.0 7.00 65.00 72.00 OK
r-oldrel-osx-x86_64 1.0.0 NOTE

Check Details

Version: 1.0.0
Check: dependencies in R code
Result: NOTE
    Namespace in Imports field not imported from: ‘lattice’
     All declared Imports should be used.
Flavors: r-devel-linux-x86_64-fedora-clang, r-devel-linux-x86_64-fedora-gcc, r-patched-solaris-x86, r-release-osx-x86_64, r-oldrel-osx-x86_64