CRAN Package Check Results for Package cvmgof

Last updated on 2019-04-24 05:48:07 CEST.

Flavor Version Tinstall Tcheck Ttotal Status Flags
r-devel-linux-x86_64-debian-clang 1.0.0 2.34 42.16 44.50 OK
r-devel-linux-x86_64-debian-gcc 1.0.0 1.60 30.17 31.77 OK
r-devel-linux-x86_64-fedora-clang 1.0.0 51.38 NOTE
r-devel-linux-x86_64-fedora-gcc 1.0.0 48.49 NOTE
r-devel-windows-ix86+x86_64 1.0.0 6.00 44.00 50.00 OK
r-patched-linux-x86_64 1.0.0 1.98 41.34 43.32 OK
r-patched-solaris-x86 1.0.0 80.70 NOTE
r-release-linux-x86_64 1.0.0 1.59 38.67 40.26 OK
r-release-windows-ix86+x86_64 1.0.0 3.00 66.00 69.00 OK
r-release-osx-x86_64 1.0.0 NOTE
r-oldrel-windows-ix86+x86_64 1.0.0 4.00 78.00 82.00 OK
r-oldrel-osx-x86_64 1.0.0 NOTE

Check Details

Version: 1.0.0
Check: dependencies in R code
Result: NOTE
    Namespace in Imports field not imported from: ‘lattice’
     All declared Imports should be used.
Flavors: r-devel-linux-x86_64-fedora-clang, r-devel-linux-x86_64-fedora-gcc, r-patched-solaris-x86, r-release-osx-x86_64, r-oldrel-osx-x86_64