CRAN Package Check Results for Package cvequality

Last updated on 2021-06-17 03:50:54 CEST.

Flavor Version Tinstall Tcheck Ttotal Status Flags
r-devel-linux-x86_64-debian-clang 0.2.0 1.89 49.55 51.44 NOTE
r-devel-linux-x86_64-debian-gcc 0.2.0 1.74 36.32 38.06 NOTE
r-devel-linux-x86_64-fedora-clang 0.2.0 70.20 NOTE
r-devel-linux-x86_64-fedora-gcc 0.2.0 61.02 NOTE
r-devel-windows-x86_64 0.2.0 4.00 70.00 74.00 NOTE
r-devel-windows-x86_64-gcc10-UCRT 0.2.0 NOTE
r-patched-linux-x86_64 0.2.0 2.22 47.17 49.39 NOTE
r-patched-solaris-x86 0.2.0 84.60 NOTE
r-release-linux-x86_64 0.2.0 2.08 45.16 47.24 NOTE
r-release-macos-arm64 0.2.0 NOTE
r-release-macos-x86_64 0.2.0 NOTE
r-release-windows-ix86+x86_64 0.2.0 5.00 65.00 70.00 NOTE
r-oldrel-macos-x86_64 0.2.0 OK
r-oldrel-windows-ix86+x86_64 0.2.0 4.00 66.00 70.00 OK

Check Details

Version: 0.2.0
Check: LazyData
Result: NOTE
     'LazyData' is specified without a 'data' directory
Flavors: r-devel-linux-x86_64-debian-clang, r-devel-linux-x86_64-debian-gcc, r-devel-linux-x86_64-fedora-clang, r-devel-linux-x86_64-fedora-gcc, r-devel-windows-x86_64, r-devel-windows-x86_64-gcc10-UCRT, r-patched-linux-x86_64, r-patched-solaris-x86, r-release-linux-x86_64, r-release-macos-arm64, r-release-macos-x86_64, r-release-windows-ix86+x86_64